{"id":2666,"date":"2025-07-06T19:01:49","date_gmt":"2025-07-06T16:01:49","guid":{"rendered":"https:\/\/eppd13.cz\/?page_id=2666"},"modified":"2025-07-06T20:49:44","modified_gmt":"2025-07-06T17:49:44","slug":"geostrategic-analysis-of-the-zangezur-corridors-potential-commercial-and-logistic-impacts-on-the-region","status":"publish","type":"page","link":"https:\/\/eppd13.cz\/?page_id=2666","title":{"rendered":"Geostrategic Analysis of the Zangezur Corridor&#8217;s Potential Commercial and Logistic Impacts on the Region"},"content":{"rendered":"<p><strong>DOI: <\/strong><a href=\"https:\/\/doi.org\/10.46340\/eppd.2025.12.3.1\">10.46340\/eppd.2025.12.3.1<\/a><\/p>\n<p><strong>Gulgun Mubariz Guliyeva<\/strong><br \/>\n<em>Baku State University, Azerbaijan<\/em><\/p>\n<p><a href=\"https:\/\/eppd13.cz\/wp-content\/uploads\/2025\/2025-12-3\/3.pdf\" target=\"_blank\" rel=\"noopener noreferrer\"><img loading=\"lazy\" decoding=\"async\" class=\"alignnone size-full wp-image-2167\" src=\"http:\/\/eppd13.cz\/wp-content\/uploads\/2024\/01\/icon72-pdf-eppd.png\" alt=\"\" width=\"72\" height=\"72\" data-id=\"2167\" \/><\/a><\/p>\n<p><strong><em>How to cite: <\/em><\/strong>Guliyeva, G. M. (2025). Geostrategic Analysis of the Zangezur Corridor&#8217;s Potential Commercial and Logistic Impacts on the Region. <em>Evropsk\u00fd politick\u00fd a pr\u00e1vn\u00ed diskurz, 12, 3,<\/em> 5-15. <a href=\"https:\/\/doi.org\/10.46340\/eppd.2025.12.3.1\">https:\/\/doi.org\/10.46340\/eppd.2025.12.3.1<\/a><\/p>\n<p>&nbsp;<\/p>\n<p><strong>Abstract<\/strong><\/p>\n<p>The Zangezur Corridor stands out as a strategic initiative aimed at strengthening regional connectivity across the South Caucasus by linking Central Asia to Europe via Azerbaijan and T\u00fcrkiye. It is expected to reduce transport time and costs significantly, providing new momentum to trade, logistics, and infrastructure development, especially for landlocked Azerbaijan. This research employs a qualitative methodology based on content analysis of government strategies, statistical reports (ARDSK 2025), academic publications, and international expert opinions. The study focuses on assessing the corridor\u2019s impact on Azerbaijan\u2019s foreign trade, transit capacity, and its broader geopolitical significance in Eurasian logistics.<\/p>\n<p>The findings suggest that the corridor presents multiple advantages: it creates a shorter and more efficient transport route compared to the BTK railway, facilitates direct Azerbaijan\u2013Nakhchivan\u2013T\u00fcrkiye connectivity, and strengthens Azerbaijan\u2019s role as a critical transit country in the Middle Corridor. The study also highlights the projected increase in freight and passenger movement and the potential establishment of logistics hubs in Fuzuli, Z\u0259ngilan, and Culfa. Despite the corridor\u2019s transformative potential, significant challenges remain, including political resistance from Armenia, unresolved border disputes, a lack of a qualified labour force, and infrastructure financing gaps. However, if fully realized, the corridor may reduce dependence on Iran, provide strategic advantages to Azerbaijan and T\u00fcrkiye, and contribute to regional peace and economic interdependence. It is also positioned as an alternative to routes such as the Suez Canal, enhancing Europe-Asia transport security. Additionally, the project is expected to attract foreign investment and foster technological exchange through international partnerships in the logistics sector.<\/p>\n<p><em><strong>Keywords:<\/strong><\/em> Zangezur Corridor, Azerbaijan&#8217;s foreign trade, Regional logistics, Middle Corridor, Transport infrastructure, Geopolitical risks.<\/p>\n<p>&nbsp;<\/p>\n<p><strong>References<\/strong><\/p>\n<p style=\"padding-left: 40px;\">Aghayev, Z. (2008). Azerbaycan pazar\u0131n\u0131n lojistik y\u00f6netimi a\u00e7\u0131s\u0131ndan de\u011ferlendirilmesi [Evaluation of\u00a0Azerbaijan Market in\u00a0Terms of\u00a0Logistics Management]: <em>Master\u2019s Thesis.<\/em> Izmir, Turkey: Dokuz Eylul University. [in Turkish].<\/p>\n<p style=\"padding-left: 40px;\">Alaca, A. I. S. (2021). Afro-Avrasya b\u00f6lgesinin jeo-ekonomik a\u00e7\u0131dan \u00f6nemi [The Importance of\u00a0the\u00a0Afro-Eurasia Region in\u00a0Terms of\u00a0Geo-Economics]. In: Ozgoker, U. (ed.) <em>Eurasia\u00a0\u2013 the\u00a0Territory of\u00a0the\u00a0Future<\/em>, <em>24<\/em>, 19. [in\u00a0Turkish].<\/p>\n<p style=\"padding-left: 40px;\">Aliyev, X. (2018). Az\u0259rbaycan Respublikas\u0131n\u0131n logistik potensial\u0131 [Logistics Potential of\u00a0the\u00a0Azerbaijan Republic]. <em>Proceedings of\u00a0the\u00a0International Conference on Sustainable Development and Actual Problems of\u00a0Humanitarian Sciences<\/em>. [in Azerbaijani].<\/p>\n<p style=\"padding-left: 40px;\">ARDSK (2025). <em>N\u0259qliyyat statistikas\u0131<\/em> [Transport Statistics]. <a href=\"https:\/\/www.stat.gov.az\/source\/transport\/\">https:\/\/www.stat.gov.az\/source\/transport\/<\/a> [in Turkish].<\/p>\n<p style=\"padding-left: 40px;\">Asian Development Bank (2024). <em>North-South Corridor (Sisian\u2013Kajaran) Road Project<\/em>. <a href=\"https:\/\/www.adb.org\/projects\/42145-043\/main\">https:\/\/www.adb.org\/projects\/42145-043\/main<\/a><\/p>\n<p style=\"padding-left: 40px;\">Aslanli, A. (2021). Zengezur Koridoru: Zaferin Ta\u00e7lanmas\u0131 [Zangezur Corridor: The\u00a0Crowning Of Victory]. <em>Kriter Monthly Journal of\u00a0Politics, Society and Economy, 6 (62)<\/em>. <a href=\"https:\/\/kriterdergi.com\/dosya-turkdunyasi\/zengezur-koridoru-zaferin-taclanmasi\">https:\/\/kriterdergi.com\/dosya-turkdunyasi\/zengezur-koridoru-zaferin-taclanmasi<\/a> [in Azerbaijani].<\/p>\n<p style=\"padding-left: 40px;\">Azer, O. A., et al. (2021). T\u00fcrkiye&#8217;de &#8220;Ku\u015fak ve Yol Giri\u015fimi&#8221; ba\u011flant\u0131s\u0131n\u0131n &#8220;Orta Koridor&#8221; program\u0131yla stratejik \u00f6nemi [The Strategic Importance of\u00a0the\u00a0\u201cBelt and Road Initiative\u201d Connectivity with the\u00a0\u201cMiddle Corridor\u201d Program in\u00a0Turkey]. <em>G\u00fcvenlik Bilimleri Dergisi <\/em>[Journal of\u00a0Security Sciences]<em>, 10<\/em> (2), 543-566. [in Turkish].<\/p>\n<p style=\"padding-left: 40px;\">Azertac (2021). <em>Az\u0259rbaycan Respublikas\u0131 il\u0259 T\u00fcrkiy\u0259 Respublikas\u0131 aras\u0131nda m\u00fctt\u0259fiqlik \u0259laq\u0259l\u0259ri haqq\u0131nda \u015eu\u015fa B\u0259yannam\u0259si<\/em> [Shusha Declaration on Allied Relations between the\u00a0Republic of\u00a0Azerbaijan and the\u00a0Republic of\u00a0Turkey]. <a href=\"https:\/\/azertag.az\/xeber\/Azerbaycan_Respublikasi_ile_Turkiye_Respublikasi_arasinda_muttefiqlik_munasibetleri_haqqinda_Susa_Beyannamesi-1808083\">https:\/\/azertag.az\/xeber\/Azerbaycan_Respublikasi_ile_Turkiye_Respublikasi_arasinda_muttefiqlik_munasibetleri_haqqinda_Susa_Beyannamesi-1808083<\/a> [in Azerbaijani].<\/p>\n<p style=\"padding-left: 40px;\">Baghirov, O. (2021). Z\u0259ng\u0259zur d\u0259hlizinin a\u00e7\u0131lmas\u0131n\u0131n regional n\u0259qliyyat v\u0259 kommunikasiya x\u0259tl\u0259rin\u0259 t\u0259siri [The\u00a0Impact of\u00a0the\u00a0Opening of\u00a0Zangezur Corridor on regional transportation and communication lines]. <em>AIR Center<\/em>. <a href=\"https:\/\/aircenter.az\/uploads\/files\/Zangezur%20Corridor.pdf\">https:\/\/aircenter.az\/uploads\/files\/Zangezur%20Corridor.pdf<\/a> [in Azerbaijani].<\/p>\n<p style=\"padding-left: 40px;\">Bay\u0131rba\u011f, M. K., &amp; Schindler, S. (2022). Turkey Between Two Worlds: EU Accession and the\u00a0Middle Corridor to\u00a0Central Asia. In: Schindler, S. &amp; DiCarlo, J. (eds.), The\u00a0<em>Rise of\u00a0the\u00a0Infrastructure State: How US-China Rivalry Shapes Politics and Place Worldwide<\/em>. Bristol University Press, 167-179.<\/p>\n<p style=\"padding-left: 40px;\">Bayramo\u011flu, M. (2022). T\u00fcrkiye&#8217;nin uluslararas\u0131 ticareti ve Azerbaycan uygulamas\u0131 [Turkey\u2019s International Trade and Azerbaijan Application]: <em>Master\u2019s Thesis<\/em>. Istanbul, Turkey: Maltepe University. [in Turkish].<\/p>\n<p style=\"padding-left: 40px;\">Bayramov, A. (2021). Da\u011fl\u0131q Qaraba\u011f m\u00fcnaqi\u015f\u0259sinin susdurulmas\u0131 v\u0259 d\u00f6rd g\u00fcnl\u00fck m\u00fcharib\u0259nin \u00e7\u0259tinlikl\u0259ri [The\u00a0Silencing of\u00a0the\u00a0Nagorno-Karabakh Conflict and the\u00a0Challenges of\u00a0the\u00a0Four-Day War]. <em>Security and Human Rights, 27(1-2)<\/em>, 116-127. [in Azerbaijani].<\/p>\n<p style=\"padding-left: 40px;\">Bayramov, V. (2022). <em>Z\u0259ng\u0259zur n\u0259qliyyat d\u0259hlizi Az\u0259rbaycana Avrasiyan\u0131n n\u0259qliyyat v\u0259 logistika m\u0259rk\u0259zi kimi m\u00f6vqeyini m\u00f6hk\u0259ml\u0259ndirm\u0259y\u0259 imkan ver\u0259c\u0259k<\/em> [The Zangezur Transport Corridor Will Allow Azerbaijan to Strengthen its Position as a\u00a0Transport and Logistics Center of\u00a0Eurasia]. <a href=\"https:\/\/xalqgazeti.com\/mobile\/az\/news\/75615\">https:\/\/xalqgazeti.com\/mobile\/az\/news\/75615<\/a> [in Azerbaijani].<\/p>\n<p style=\"padding-left: 40px;\">Daily Sabah (2022). <em>Zangezur Corridor: New Transport Route to Connect Europe and Asia.<\/em> <a href=\"https:\/\/www.dailysabah.com\/opinion\/op-ed\/zangezur-corridor-new-transport-route-to-connect-europe-and-asia\">https:\/\/www.dailysabah.com\/opinion\/op-ed\/zangezur-corridor-new-transport-route-to-connect-europe-and-asia<\/a><\/p>\n<p style=\"padding-left: 40px;\">Gawliczek, P., &amp; Iskandarov, K. (2023). The\u00a0Zangezur Corridor as Part of\u00a0the\u00a0Global Transport Route (Against the\u00a0Backdrop of\u00a0Power Games in\u00a0the\u00a0South Caucasus Region). <em>Security and Defence Quarterly, 41 (1)<\/em>, 36-53. <a href=\"https:\/\/doi.org\/10.35467\/sdq\/167017\">https:\/\/doi.org\/10.35467\/sdq\/167017<\/a><\/p>\n<p style=\"padding-left: 40px;\">Hamzatli, M. (2022). <em>Possible Effects of\u00a0Zangezur Corridor on Foreign Trade of\u00a0Azerbaijan and Turkey:<\/em> Master\u2019s Thesis. Kutahya, Turkey: Dumlupinar University.<\/p>\n<p style=\"padding-left: 40px;\">Iki Sahil (2022). <em>Z\u0259ng\u0259zur d\u0259hlizi: T\u00fcrk d\u00fcnyas\u0131n\u0131n birlik v\u0259 h\u0259mr\u0259ylik simvolu<\/em> [Zangezur Corridor: A Symbol of\u00a0Unity and Solidarity of\u00a0the\u00a0Turkic World].<br \/>\n<a href=\"https:\/\/ikisahil.az\/post\/289502-zengezur-dehlizi-turk-dunyasinin-birlik-ve-hemreylik-remzi\">https:\/\/ikisahil.az\/post\/289502-zengezur-dehlizi-turk-dunyasinin-birlik-ve-hemreylik-remzi<\/a> [in Azerbaijani].<\/p>\n<p style=\"padding-left: 40px;\">\u0130sayeva, T. (2022). <em>Zengezur&#8217;un Co\u011frafi Konumu ve T\u00fcrkiye-Azerbaycan \u0130\u00e7in Jeopolitikalar\u0131<\/em> [Geographical Location of\u00a0Zangezur and Geopolitics for Turkey and Azerbaijan]. Elaz\u0131\u011f. F\u0131rat \u00dcniversitesi Sosyal Bilimler Enstit\u00fcs\u00fc [Elazig. F\u0131rat University Social Sciences Institute]. [in Turkish].<\/p>\n<p style=\"padding-left: 40px;\">Jabbarova, K., &amp; Isgandarov, A. (2022). The\u00a0Role of\u00a0the\u00a0Zangezur Corridor in\u00a0the\u00a0Transformation of\u00a0Azerbaijan Into Regionally Important Trade and Logistics Centers. <em>Sectoral Assessment of\u00a0the\u00a0Economic Potential of\u00a0Karabakh and East Zangezur<\/em>.<\/p>\n<p style=\"padding-left: 40px;\">Kocatepe, O. F. (2023). Zengezur Koridoru: T\u00fcrk D\u00fcnyas\u0131&#8217;nda i\u015fbirli\u011fi ve gelecek vizyonu [Zengezur Corridor: Cooperation and Future Vision in\u00a0the\u00a0Turkish World]. In: Sar\u0131kaya, Y., &amp; Kocatepe, O. F. (eds.). <em>Caucasus and\u00a0Turkestan: Conflict and Cooperation<\/em>. <em>Nobel Publications<\/em>, 229-244. [in Turkish].<\/p>\n<p style=\"padding-left: 40px;\">Mammadov, A., &amp; Hasanoglu, M. (2023). X\u0259z\u0259rd\u0259n Aral\u0131q d\u0259nizin\u0259 ged\u0259n Z\u0259ng\u0259zur d\u0259hlizi [Zangezur Corridor from the\u00a0Caspian Sea to the\u00a0Mediterranean]. <em>International Management Academy Journal, 6<\/em> <em>(2)<\/em>, 334-344. <a href=\"https:\/\/doi.org\/10.33712\/mana.1305013\">https:\/\/doi.org\/10.33712\/mana.1305013<\/a> [in Azerbaijani].<\/p>\n<p style=\"padding-left: 40px;\">Oxford Analytica (2023). <em>Prospects\u00a0\u2013 Daily Brief.<\/em> <a href=\"https:\/\/dailybrief.oxan.com\/Analysis\/Prospects\/2023\/Q1\">https:\/\/dailybrief.oxan.com\/Analysis\/Prospects\/2023\/Q1<\/a><\/p>\n<p style=\"padding-left: 40px;\">Poghosyan, B. (2024). How Armenia Can Make the\u00a0\u201cCrossroads of\u00a0Peace\u201d Concept More Attractive. <em>Armenian Weekly<\/em>. <a href=\"https:\/\/armenianweekly.com\/2024\/01\/02\/how-armenia-can-make-the-crossroads-of-peace-concept-more-attractive\/\">https:\/\/armenianweekly.com\/2024\/01\/02\/how-armenia-can-make-the-crossroads-of-peace-concept-more-attractive\/<\/a><\/p>\n<p style=\"padding-left: 40px;\">President of The\u00a0Republic of\u00a0Azerbaijan (2020). <em>Ilham Aliyev Addressed the\u00a0People<\/em>. <a href=\"https:\/\/president.az\/az\/articles\/view\/45924\/print\">https:\/\/president.az\/az\/articles\/view\/45924\/print<\/a><\/p>\n<p style=\"padding-left: 40px;\">President of The\u00a0Republic of\u00a0Azerbaijan (2022). <em>Az\u0259rbaycan Respublikas\u0131n\u0131n 2022-2026-c\u0131 ill\u0259rd\u0259 sosial-iqtisadi inki\u015faf Strategiyas\u0131\u201dn\u0131n t\u0259sdiq edilm\u0259si haqq\u0131nda<\/em> [Socio-Economic Development Strategy of\u00a0the\u00a0Republic of\u00a0Azerbaijan for 2022-2026]. <a href=\"https:\/\/e-qanun.az\/framework\/50013\">https:\/\/e-qanun.az\/framework\/50013<\/a> [in Azerbaijani].<\/p>\n<p style=\"padding-left: 40px;\">Quliyev, R. (2018). Problems and Analysis Solutions in\u00a0the\u00a0Field of\u00a0Transport and Logistics<em>. Global Horizons<\/em>. <a href=\"https:\/\/globalhorizons.wsj.co\">https:\/\/globalhorizons.wsj.co<\/a><\/p>\n<p style=\"padding-left: 40px;\">Respublika News (2022). <em>Z\u0259ng\u0259zur d\u0259hlizi: T\u00fcrk d\u00fcnyas\u0131n\u0131 birl\u0259\u015fdir\u0259n k\u00f6rp\u00fc<\/em> [Zangezur Corridor: A Bridge Connecting the\u00a0Turkic World]. <a href=\"https:\/\/www.respublika-news.az\/az\/news\/zengezur-dehlizi-turk-dunyasini-birlesdiren-korpu\">https:\/\/www.respublika-news.az\/az\/news\/zengezur-dehlizi-turk-dunyasini-birlesdiren-korpu<\/a> [in Azerbaijani].<\/p>\n<p style=\"padding-left: 40px;\">Turgunov, R. (2022). <em>Regional Transport Corridors and Geopolitical Connectivity: The\u00a0Case of\u00a0the\u00a0Zangezur Corridor.<\/em> Baku: Institute for Strategic Studies.<\/p>\n<p style=\"padding-left: 40px;\">Turkic World (2022). <em>Turkey Expects Implementation of\u00a0Zangezur Corridor Project by 2029<\/em>. <a href=\"https:\/\/turkic.world\/en\/articles\/transport\/188833\">https:\/\/turkic.world\/en\/articles\/transport\/188833<\/a><\/p>\n<p style=\"padding-left: 40px;\">Vysotskyi, O., et al. (2025). Ukrainian Economic Diplomacy during the\u00a0Full-Scale Russian Aggression. <em>Evropsky Politicky a\u00a0Pravni Diskurz<\/em> [European Political and Law Discourse]<em>, 12<\/em> <em>(1)<\/em>, 5-12. <a href=\"https:\/\/doi.org\/10.46340\/eppd.2025.12.1.1\">https:\/\/doi.org\/10.46340\/eppd.2025.12.1.1<\/a><\/p>\n<p style=\"padding-left: 40px;\">Xudiyeva, P., &amp; Aslanov, A. (2022). \u0130\u015f\u011faldan azad edilmi\u015f \u0259razil\u0259rd\u0259 n\u0259qliyyat sistemi v\u0259 onun \u00f6lk\u0259 iqtisadiyyatina ver\u0259c\u0259yi t\u00f6hf\u0259l\u0259r [Transport System in\u00a0the\u00a0Occupied Territories and its Contributions to the\u00a0National Economy]. <em>IV \u0130qtisadiyyat v\u0259 \u0130dar\u0259etm\u0259 Sah\u0259sind\u0259 T\u0259dqiqat\u00e7\u0131lar\u0131n Beyn\u0259lxalq Elmi Konfrans\u0131<\/em> [IV International Scientific Conference of\u00a0Researchers in\u00a0the\u00a0Field of\u00a0Economics and Management], 162-176. [in Azerbaijani].<\/p>\n<p style=\"padding-left: 40px;\">Y\u0131lmaz, B. (2022). The\u00a0Belt and Road Initiative and the\u00a0impacts on Turkey as a\u00a0part of\u00a0the\u00a0Middle Corridor. <em>Stiftung Wissenschaft und Politik<\/em>.<br \/>\n<a href=\"https:\/\/www.swp-berlin.org\/publications\/products\/arbeitspapiere\/WP02_22_FG7_Yilmaz_BRI_Turkey.pdf\">https:\/\/www.swp-berlin.org\/publications\/products\/arbeitspapiere\/WP02_22_FG7_Yilmaz_BRI_Turkey.pdf<\/a><\/p>\n","protected":false},"excerpt":{"rendered":"<p>DOI: 10.46340\/eppd.2025.12.3.1 Gulgun Mubariz Guliyeva Baku State University, Azerbaijan How to cite: Guliyeva, G. M. (2025). Geostrategic Analysis of the Zangezur Corridor&#8217;s Potential Commercial and Logistic Impacts on the Region. Evropsk\u00fd politick\u00fd a pr\u00e1vn\u00ed diskurz, 12, 3, 5-15. https:\/\/doi.org\/10.46340\/eppd.2025.12.3.1 &nbsp; Abstract The Zangezur Corridor stands out as a strategic initiative&#8230; <a class=\"continue-reading-link\" href=\"https:\/\/eppd13.cz\/?page_id=2666\"> Continue reading <span class=\"meta-nav\">&rarr; <\/span><\/a><\/p>\n","protected":false},"author":1,"featured_media":0,"parent":2664,"menu_order":1,"comment_status":"closed","ping_status":"closed","template":"","meta":{"footnotes":""},"class_list":["post-2666","page","type-page","status-publish","hentry"],"_links":{"self":[{"href":"https:\/\/eppd13.cz\/index.php?rest_route=\/wp\/v2\/pages\/2666","targetHints":{"allow":["GET"]}}],"collection":[{"href":"https:\/\/eppd13.cz\/index.php?rest_route=\/wp\/v2\/pages"}],"about":[{"href":"https:\/\/eppd13.cz\/index.php?rest_route=\/wp\/v2\/types\/page"}],"author":[{"embeddable":true,"href":"https:\/\/eppd13.cz\/index.php?rest_route=\/wp\/v2\/users\/1"}],"replies":[{"embeddable":true,"href":"https:\/\/eppd13.cz\/index.php?rest_route=%2Fwp%2Fv2%2Fcomments&post=2666"}],"version-history":[{"count":5,"href":"https:\/\/eppd13.cz\/index.php?rest_route=\/wp\/v2\/pages\/2666\/revisions"}],"predecessor-version":[{"id":2716,"href":"https:\/\/eppd13.cz\/index.php?rest_route=\/wp\/v2\/pages\/2666\/revisions\/2716"}],"up":[{"embeddable":true,"href":"https:\/\/eppd13.cz\/index.php?rest_route=\/wp\/v2\/pages\/2664"}],"wp:attachment":[{"href":"https:\/\/eppd13.cz\/index.php?rest_route=%2Fwp%2Fv2%2Fmedia&parent=2666"}],"curies":[{"name":"wp","href":"https:\/\/api.w.org\/{rel}","templated":true}]}}