{"id":2504,"date":"2024-11-18T21:15:00","date_gmt":"2024-11-18T19:15:00","guid":{"rendered":"https:\/\/eppd13.cz\/?page_id=2504"},"modified":"2024-11-18T21:27:48","modified_gmt":"2024-11-18T19:27:48","slug":"contemporary-migration-in-the-times-of-far-right","status":"publish","type":"page","link":"https:\/\/eppd13.cz\/?page_id=2504","title":{"rendered":"Contemporary Migration in the Times of Far-Right"},"content":{"rendered":"<p><strong>DOI: <\/strong><a href=\"https:\/\/doi.org\/10.46340\/eppd.2024.11.5.5\">10.46340\/eppd.2024.11.5.5<\/a><\/p>\n<p><strong>Iryna Matsyshyna, D.Sc. in Political Science<\/strong><br \/>\n<em>Vasyl\u2019 Stus Donetsk National University, Ukraine<\/em><\/p>\n<p><a href=\"https:\/\/eppd13.cz\/wp-content\/uploads\/2024\/2024-11-5\/07.pdf\" target=\"_blank\" rel=\"noopener noreferrer\"><img loading=\"lazy\" decoding=\"async\" class=\"alignnone size-full wp-image-2167\" src=\"http:\/\/eppd13.cz\/wp-content\/uploads\/2024\/01\/icon72-pdf-eppd.png\" alt=\"\" width=\"72\" height=\"72\" data-id=\"2167\" \/><\/a><\/p>\n<p><strong><em>How to cite: <\/em><\/strong>Matsyshyna, I. (2024). Contemporary Migration in the Times of Far-Right. <em>Evropsk\u00fd politick\u00fd a pr\u00e1vn\u00ed diskurz, 11, 5,<\/em> 43-52. <a href=\"https:\/\/doi.org\/10.46340\/eppd.2024.11.5.5\">https:\/\/doi.org\/10.46340\/eppd.2024.11.5.5<\/a><\/p>\n<p>&nbsp;<\/p>\n<p><strong>Abstract<\/strong><\/p>\n<p>The modern trend of the emergence of far-right movements is related not only to countries with totalitarian regimes. Recent elections have demonstrated that countries with democratic systems today have a demand for the radicalization of politics. Socio-economic factors in the context of migration policy are not fully implemented by liberal tools, which have proven inadequate in regulating social development in countries open to migrants. This creates a values gap regarding equality between the status of the local population and that of state-supported migrants.<\/p>\n<p>On the other hand, Russia\u2019s information policy deliberately creates a negative image of Ukrainian refugees, exporting a culture of hatred towards national minorities and migrants. This article examines how this impacts the formulation of a unified European policy strategy. The research hypothesis posits that the threat posed by the trend towards far-right movements is not primarily a result of migration policy, which has been reloaded following Russia&#8217;s large-scale war against Ukraine. Rather, it is a reaction to the formation of a geopolitical international order through liberal tools that have proven incapable of addressing the challenges of racism and nationalism in European countries.<\/p>\n<p>Issues of social protection from poverty and unemployment, the devaluation of multiculturalism, the artificiality of inclusivity, political corruption, and populism have prompted a reevaluation of liberal ideas, which have taken on new, decisive characteristics in neoliberalism. However, this has not stopped racist, national, and religious intolerance, which, under migration policies aimed at supporting and protecting migrants, has merely become a matter of time before open far-right calls erupt.<\/p>\n<p>Analysis of resolutions and votes in the Parliamentary Assembly of the Council of Europe (PACE) has allowed for the establishment of a certain voting logic on migration issues in relation to the internal political climate of countries that refrain from integrating migrants into their national space. This may indicate that with the rise of far-right sentiments, such trends could increase.<\/p>\n<p><em><strong>Keywords:<\/strong> <\/em>far-right, migrants, migration policy, PACE, resolutions, war of Russia against Ukraine.<\/p>\n<p>&nbsp;<\/p>\n<p><strong>References<\/strong><\/p>\n<p style=\"padding-left: 40px;\">Eurostat (2024). <em>Beneficiaries of Temporary Protection at the End of the Month by Citizenship, Age and sex \u2013 Monthly Data.<\/em> <a href=\"https:\/\/ec.europa.eu\/eurostat\/databrowser\/view\/migr_asytpsm__custom_12326430\/default\/table?lang=en\">https:\/\/ec.europa.eu\/eurostat\/databrowser\/view\/migr_asytpsm__custom_12326430\/default\/table?lang=en<\/a><\/p>\n<p style=\"padding-left: 40px;\">European Commission (2022). <em>Home Affairs Council: 10-Point Plan on stronger European coordination on<\/em><em>\u00a0welcoming people fleeing the war against Ukraine.<\/em> <a href=\"https:\/\/ec.europa.eu\/commission\/presscorner\/detail\/en\/ip_22_2152\">https:\/\/ec.europa.eu\/commission\/presscorner\/detail\/en\/ip_22_2152<\/a><\/p>\n<p style=\"padding-left: 40px;\">European Commission (2022). <em>Recommendation CM\/Rec(2022)16 of the Committee of Ministers <\/em><em><br \/>\nto Member States on Combating Hate Speech.<\/em> <a href=\"https:\/\/search.coe.int\/cm#{%22CoEIdentifier%22:[%220900001680a67955%22],%22sort%22:[%22CoEValidationDate%20Descending%22]}\">https:\/\/search.coe.int\/cm#{%22CoEIdentifier%22:[%220900001680a67955%22],%22sort%22:[%22CoEValidationDate%20Descending%22]}<\/a><\/p>\n<p style=\"padding-left: 40px;\">Halperin, S. (2023). The Far-Right in Modern World History. <em>Globalizations,<\/em>\u00a0<em>20(5)<\/em>, 731-751. <a href=\"https:\/\/doi.org\/10.1080\/14747731.2021.1984734\">https:\/\/doi.org\/10.1080\/14747731.2021.1984734<\/a><\/p>\n<p style=\"padding-left: 40px;\">Le Monde [The World] (2022). <em>La Su\u00e8de lance la chasse aux sans-papiers<\/em> [Sweden Launches Hunt for\u00a0Undocumented Immigrants].<br \/>\n<a href=\"https:\/\/www.lemonde.fr\/international\/article\/2022\/12\/07\/la-suede-lance-la-chasse-aux-sans-papiers_6153409_3210.html\">https:\/\/www.lemonde.fr\/international\/article\/2022\/12\/07\/la-suede-lance-la-chasse-aux-sans-papiers_6153409_3210.html<\/a><\/p>\n<p style=\"padding-left: 40px;\">PACE (2012). <em>The Portrayal of Migrants and Refugees During Election Campaigns. <\/em><a href=\"https:\/\/pace.coe.int\/en\/files\/18946\/html\">https:\/\/pace.coe.int\/en\/files\/18946\/html<\/a><\/p>\n<p style=\"padding-left: 40px;\">PACE (2020). <em>Raising Awareness of and Countering Islamophobia in Europe.<\/em> <a href=\"https:\/\/pace.coe.int\/en\/files\/28779\/html\">https:\/\/pace.coe.int\/en\/files\/28779\/html<\/a><\/p>\n<p style=\"padding-left: 40px;\">PACE (2022a).<em> Challenge, on Substantive Grounds, of the Still Unratified Credentials of the Parliamentary Delegation of the Russian Federation<\/em>. <a href=\"https:\/\/pace.coe.int\/en\/files\/29794\/html\">https:\/\/pace.coe.int\/en\/files\/29794\/html<\/a><\/p>\n<p style=\"padding-left: 40px;\">PACE (2022b).<em> Humanitarian Consequences and Internal and External Displacement in Connection with the Aggression of the Russian Federation Against Ukraine<\/em>. <a href=\"https:\/\/pace.coe.int\/en\/files\/29794\/html\">https:\/\/pace.coe.int\/en\/files\/29794\/html<\/a><\/p>\n<p style=\"padding-left: 40px;\">PACE (2022c<em>). Protection and Alternative Care for Unaccompanied and Separated Migrant and Refugee Children.<\/em> <a href=\"https:\/\/pace.coe.int\/en\/files\/30192\/html\">https:\/\/pace.coe.int\/en\/files\/30192\/html<\/a><\/p>\n<p style=\"padding-left: 40px;\">PACE (2022d).<em> Safe Third Countries for Asylum Seekers<\/em>. <a href=\"https:\/\/pace.coe.int\/en\/files\/31373\/html\">https:\/\/pace.coe.int\/en\/files\/31373\/html<\/a><\/p>\n<p style=\"padding-left: 40px;\">PACE (2022e). <em>Raising Awareness of and Countering Islamophobia, or Anti-Muslim Racism, in Europe.<\/em> <a href=\"https:\/\/pace.coe.int\/en\/files\/30259\/html\">https:\/\/pace.coe.int\/en\/files\/30259\/html<\/a><\/p>\n<p style=\"padding-left: 40px;\">PACE (2023a).<em> Deportations and Forcible Transfers of Ukrainian Children and Other Civilians to Russian Federation or to Ukrainian Territories Temporarily Occupied: Create Conditions for their Safe Return, Stop<\/em><em>\u00a0These Crimes and Punish the Perpetrators.<\/em> <a href=\"https:\/\/pace.coe.int\/en\/files\/31776\/html\">https:\/\/pace.coe.int\/en\/files\/31776\/html<\/a><\/p>\n<p style=\"padding-left: 40px;\">PACE (2023b).<em> Integration of Migrants and Refugees: Benefits for All Parties Involved. Report Committee on<\/em><em>\u00a0Migration, Refugees and Displaced Persons.<\/em> <a href=\"https:\/\/rm.coe.int\/integration-of-migrants-and-refugees-benefits-for-all-parties-involved\/1680aa9038\">https:\/\/rm.coe.int\/integration-of-migrants-and-refugees-benefits-for-all-parties-involved\/1680aa9038<\/a><\/p>\n<p style=\"padding-left: 40px;\">PACE (2023c).<em> Social Inclusion of Migrants, Refugees and Internally Displaced Persons Through Sport.<\/em> <a href=\"https:\/\/pace.coe.int\/en\/files\/32985\/html\">https:\/\/pace.coe.int\/en\/files\/32985\/html<\/a><\/p>\n<p style=\"padding-left: 40px;\">PACE (2023d).<em> Observation of the Parliamentary Elections in Poland.<\/em> <a href=\"https:\/\/pace.coe.int\/en\/files\/33177\/html\">https:\/\/pace.coe.int\/en\/files\/33177\/html<\/a><\/p>\n<p style=\"padding-left: 40px;\">PACE (2023e). <em>The Challenge of Far-Right Ideology to Democracy and Human Rights in Europe.<\/em> <a href=\"https:\/\/pace.coe.int\/en\/files\/33019\/html\">https:\/\/pace.coe.int\/en\/files\/33019\/html<\/a><\/p>\n<p style=\"padding-left: 40px;\">PACE (2023f). <em>The Theme of Migration and Asylum in Election Campaigns and its Consequences on the Reception<\/em><em> of Migrants and Their Rights. <\/em><a href=\"https:\/\/pace.coe.int\/en\/files\/33029\/html\">https:\/\/pace.coe.int\/en\/files\/33029\/html<\/a><\/p>\n<p style=\"padding-left: 40px;\">PACE (2024a). <em>Committee on Migration, Refugees and Displaced Persons<\/em>. <a href=\"https:\/\/pace.coe.int\/en\/pages\/committee-27\/AS-MIG\">https:\/\/pace.coe.int\/en\/pages\/committee-27\/AS-MIG<\/a><\/p>\n<p style=\"padding-left: 40px;\">PACE (2024b).<em> The Theme of Migration and Asylum in Election Campaigns and its Consequences on the Reception<\/em><em> of Migrants and their Rights<\/em>. <a href=\"https:\/\/pace.coe.int\/en\/files\/33220\/html\">https:\/\/pace.coe.int\/en\/files\/33220\/html<\/a><\/p>\n<p style=\"padding-left: 40px;\">Venice Commission (2020). <em>Report on Electoral Law and Electoral Administration in Europe.<\/em> <a href=\"https:\/\/www.venice.coe.int\/webforms\/documents\/default.aspx?pdffile=CDL-AD(2020)023-e\">https:\/\/www.venice.coe.int\/webforms\/documents\/default.aspx?pdffile=CDL-AD(2020)023-e<\/a><\/p>\n<p style=\"padding-left: 40px;\">True.UA (2018). <em>U 2018 rotsi v Seredzemnomu mori potonuly abo propaly bezvisty 2 275 cholovik<\/em><\/p>\n<p style=\"padding-left: 40px;\">[In 2018, 2,275 People Drowned or Went Missing in the Mediterranean Sea] <a href=\"https:\/\/trueua.info\/news\/u-2018-roci-v-seredzemnomu-mori-potonuli-abo-propali-bezvisti-2-275-cholovik-\">https:\/\/trueua.info\/news\/u-2018-roci-v-seredzemnomu-mori-potonuli-abo-propali-bezvisti-2-275-cholovik-<\/a> [in Ukrainian].<\/p>\n<p style=\"padding-left: 40px;\">Verkhovna Rada of Ukraine (2002). <em>Konventsiya pro status bizhentsiv <\/em>[Convention on the Status of Refugees] <a href=\"https:\/\/zakon.rada.gov.ua\/laws\/show\/995_011?lang=en#Text\">https:\/\/zakon.rada.gov.ua\/laws\/show\/995_011?lang=en#Text<\/a> [in Ukrainian].<\/p>\n<p style=\"padding-left: 40px;\">Postiyne predstavnytstvo Ukrayiny pry Radi Yevropy [Permanent Representation of Ukraine at the Council of\u00a0Europe] (2023). <em>Ukrayina i Parlamentska Asambleya Rady Yevropy<\/em> [Ukraine and the Parliamentary Assembly of the Council of Europe] <a href=\"https:\/\/coe.mfa.gov.ua\/spivrobitnictvo\/ukrayina-v-parye\">https:\/\/coe.mfa.gov.ua\/spivrobitnictvo\/ukrayina-v-parye<\/a> [in Ukrainian].<\/p>\n<p style=\"padding-left: 40px;\">Suspilne. Novyny [Public. News] (2023). <em>Mayzhe 50 krayin svitu zasudyly RF za deportatsiyu ukrayinskykh ditey<\/em> [Almost 50 Countries of the World Condemned the Russian Federation for the Deportation of Ukrainian Children]. <a href=\"https:\/\/suspilne.media\/436617-majze-50-krain-svitu-zasudili-rf-za-deportaciu-ukrainskih-ditej\/\">https:\/\/suspilne.media\/436617-majze-50-krain-svitu-zasudili-rf-za-deportaciu-ukrainskih-ditej\/<\/a> [in\u00a0Ukrainian].<\/p>\n<p style=\"padding-left: 40px;\">Ukrinform (2024). <em>Rosiyany nezakonno vsynovlyuyut ukrayinskykh ditey \u2013 komisar Rady Yevropy<\/em><br \/>\n[Russians Illegally Adopt Ukrainian Children \u2013 Commissioner of the Council of Europe]. <a href=\"https:\/\/www.ukrinform.ua\/rubric-society\/3816911-rosiani-nezakonno-vsinovluut-ukrainskih-ditej-komisar-radi-evropi.html\">https:\/\/www.ukrinform.ua\/rubric-society\/3816911-rosiani-nezakonno-vsinovluut-ukrainskih-ditej-komisar-radi-evropi.html<\/a> [in Ukrainian].<\/p>\n<p style=\"padding-left: 40px;\">UNIAN (2023). <em>Skilky ukrayinskykh ditey deportovano v Rosiyu: Zelenskyy rozkryv motoroshni dani<\/em><br \/>\n[How Many Ukrainian Children have been Deported to Russia: Zelenskyi Disclosed the Scary Data]. <a href=\"https:\/\/www.unian.ua\/society\/skilki-ukrajinskih-ditey-deportovano-v-rosiyu-zelenskiy-rozkriv-motoroshni-dani-12255303.html\">https:\/\/www.unian.ua\/society\/skilki-ukrajinskih-ditey-deportovano-v-rosiyu-zelenskiy-rozkriv-motoroshni-dani-12255303.html<\/a> [in Ukrainian].<\/p>\n","protected":false},"excerpt":{"rendered":"<p>DOI: 10.46340\/eppd.2024.11.5.5 Iryna Matsyshyna, D.Sc. in Political Science Vasyl\u2019 Stus Donetsk National University, Ukraine How to cite: Matsyshyna, I. (2024). Contemporary Migration in the Times of Far-Right. Evropsk\u00fd politick\u00fd a pr\u00e1vn\u00ed diskurz, 11, 5, 43-52. https:\/\/doi.org\/10.46340\/eppd.2024.11.5.5 &nbsp; Abstract The modern trend of the emergence of far-right movements is related not&#8230; <a class=\"continue-reading-link\" href=\"https:\/\/eppd13.cz\/?page_id=2504\"> Continue reading <span class=\"meta-nav\">&rarr; <\/span><\/a><\/p>\n","protected":false},"author":1,"featured_media":0,"parent":2473,"menu_order":5,"comment_status":"closed","ping_status":"closed","template":"","meta":{"footnotes":""},"class_list":["post-2504","page","type-page","status-publish","hentry"],"_links":{"self":[{"href":"https:\/\/eppd13.cz\/index.php?rest_route=\/wp\/v2\/pages\/2504","targetHints":{"allow":["GET"]}}],"collection":[{"href":"https:\/\/eppd13.cz\/index.php?rest_route=\/wp\/v2\/pages"}],"about":[{"href":"https:\/\/eppd13.cz\/index.php?rest_route=\/wp\/v2\/types\/page"}],"author":[{"embeddable":true,"href":"https:\/\/eppd13.cz\/index.php?rest_route=\/wp\/v2\/users\/1"}],"replies":[{"embeddable":true,"href":"https:\/\/eppd13.cz\/index.php?rest_route=%2Fwp%2Fv2%2Fcomments&post=2504"}],"version-history":[{"count":2,"href":"https:\/\/eppd13.cz\/index.php?rest_route=\/wp\/v2\/pages\/2504\/revisions"}],"predecessor-version":[{"id":2513,"href":"https:\/\/eppd13.cz\/index.php?rest_route=\/wp\/v2\/pages\/2504\/revisions\/2513"}],"up":[{"embeddable":true,"href":"https:\/\/eppd13.cz\/index.php?rest_route=\/wp\/v2\/pages\/2473"}],"wp:attachment":[{"href":"https:\/\/eppd13.cz\/index.php?rest_route=%2Fwp%2Fv2%2Fmedia&parent=2504"}],"curies":[{"name":"wp","href":"https:\/\/api.w.org\/{rel}","templated":true}]}}

<p><strong>DOI: </strong><a href="https://doi.org/10.46340/eppd.2024.11.5.5">10.46340/eppd.2024.11.5.5</a></p>
<p><strong>Iryna Matsyshyna, D.Sc. in Political Science</strong><br />
<em>Vasyl’ Stus Donetsk National University, Ukraine</em></p>
<p><a href="https://eppd13.cz/wp-content/uploads/2024/2024-11-5/07.pdf" target="_blank" rel="noopener noreferrer"><img loading="lazy" decoding="async" class="alignnone size-full wp-image-2167" src="http://eppd13.cz/wp-content/uploads/2024/01/icon72-pdf-eppd.png" alt="" width="72" height="72" data-id="2167" /></a></p>
<p><strong><em>How to cite: </em></strong>Matsyshyna, I. (2024). Contemporary Migration in the Times of Far-Right. <em>Evropský politický a právní diskurz, 11, 5,</em> 43-52. <a href="https://doi.org/10.46340/eppd.2024.11.5.5">https://doi.org/10.46340/eppd.2024.11.5.5</a></p>
<p>&nbsp;</p>
<p><strong>Abstract</strong></p>
<p>The modern trend of the emergence of far-right movements is related not only to countries with totalitarian regimes. Recent elections have demonstrated that countries with democratic systems today have a demand for the radicalization of politics. Socio-economic factors in the context of migration policy are not fully implemented by liberal tools, which have proven inadequate in regulating social development in countries open to migrants. This creates a values gap regarding equality between the status of the local population and that of state-supported migrants.</p>
<p>On the other hand, Russia’s information policy deliberately creates a negative image of Ukrainian refugees, exporting a culture of hatred towards national minorities and migrants. This article examines how this impacts the formulation of a unified European policy strategy. The research hypothesis posits that the threat posed by the trend towards far-right movements is not primarily a result of migration policy, which has been reloaded following Russia&#8217;s large-scale war against Ukraine. Rather, it is a reaction to the formation of a geopolitical international order through liberal tools that have proven incapable of addressing the challenges of racism and nationalism in European countries.</p>
<p>Issues of social protection from poverty and unemployment, the devaluation of multiculturalism, the artificiality of inclusivity, political corruption, and populism have prompted a reevaluation of liberal ideas, which have taken on new, decisive characteristics in neoliberalism. However, this has not stopped racist, national, and religious intolerance, which, under migration policies aimed at supporting and protecting migrants, has merely become a matter of time before open far-right calls erupt.</p>
<p>Analysis of resolutions and votes in the Parliamentary Assembly of the Council of Europe (PACE) has allowed for the establishment of a certain voting logic on migration issues in relation to the internal political climate of countries that refrain from integrating migrants into their national space. This may indicate that with the rise of far-right sentiments, such trends could increase.</p>
<p><em><strong>Keywords:</strong> </em>far-right, migrants, migration policy, PACE, resolutions, war of Russia against Ukraine.</p>
<p>&nbsp;</p>
<p><strong>References</strong></p>
<p style="padding-left: 40px;">Eurostat (2024). <em>Beneficiaries of Temporary Protection at the End of the Month by Citizenship, Age and sex – Monthly Data.</em> <a href="https://ec.europa.eu/eurostat/databrowser/view/migr_asytpsm__custom_12326430/default/table?lang=en">https://ec.europa.eu/eurostat/databrowser/view/migr_asytpsm__custom_12326430/default/table?lang=en</a></p>
<p style="padding-left: 40px;">European Commission (2022). <em>Home Affairs Council: 10-Point Plan on stronger European coordination on</em><em> welcoming people fleeing the war against Ukraine.</em> <a href="https://ec.europa.eu/commission/presscorner/detail/en/ip_22_2152">https://ec.europa.eu/commission/presscorner/detail/en/ip_22_2152</a></p>
<p style="padding-left: 40px;">European Commission (2022). <em>Recommendation CM/Rec(2022)16 of the Committee of Ministers </em><em><br />
to Member States on Combating Hate Speech.</em> <a href="https://search.coe.int/cm#{%22CoEIdentifier%22:[%220900001680a67955%22],%22sort%22:[%22CoEValidationDate%20Descending%22]}">https://search.coe.int/cm#{%22CoEIdentifier%22:[%220900001680a67955%22],%22sort%22:[%22CoEValidationDate%20Descending%22]}</a></p>
<p style="padding-left: 40px;">Halperin, S. (2023). The Far-Right in Modern World History. <em>Globalizations,</em> <em>20(5)</em>, 731-751. <a href="https://doi.org/10.1080/14747731.2021.1984734">https://doi.org/10.1080/14747731.2021.1984734</a></p>
<p style="padding-left: 40px;">Le Monde [The World] (2022). <em>La Suède lance la chasse aux sans-papiers</em> [Sweden Launches Hunt for Undocumented Immigrants].<br />
<a href="https://www.lemonde.fr/international/article/2022/12/07/la-suede-lance-la-chasse-aux-sans-papiers_6153409_3210.html">https://www.lemonde.fr/international/article/2022/12/07/la-suede-lance-la-chasse-aux-sans-papiers_6153409_3210.html</a></p>
<p style="padding-left: 40px;">PACE (2012). <em>The Portrayal of Migrants and Refugees During Election Campaigns. </em><a href="https://pace.coe.int/en/files/18946/html">https://pace.coe.int/en/files/18946/html</a></p>
<p style="padding-left: 40px;">PACE (2020). <em>Raising Awareness of and Countering Islamophobia in Europe.</em> <a href="https://pace.coe.int/en/files/28779/html">https://pace.coe.int/en/files/28779/html</a></p>
<p style="padding-left: 40px;">PACE (2022a).<em> Challenge, on Substantive Grounds, of the Still Unratified Credentials of the Parliamentary Delegation of the Russian Federation</em>. <a href="https://pace.coe.int/en/files/29794/html">https://pace.coe.int/en/files/29794/html</a></p>
<p style="padding-left: 40px;">PACE (2022b).<em> Humanitarian Consequences and Internal and External Displacement in Connection with the Aggression of the Russian Federation Against Ukraine</em>. <a href="https://pace.coe.int/en/files/29794/html">https://pace.coe.int/en/files/29794/html</a></p>
<p style="padding-left: 40px;">PACE (2022c<em>). Protection and Alternative Care for Unaccompanied and Separated Migrant and Refugee Children.</em> <a href="https://pace.coe.int/en/files/30192/html">https://pace.coe.int/en/files/30192/html</a></p>
<p style="padding-left: 40px;">PACE (2022d).<em> Safe Third Countries for Asylum Seekers</em>. <a href="https://pace.coe.int/en/files/31373/html">https://pace.coe.int/en/files/31373/html</a></p>
<p style="padding-left: 40px;">PACE (2022e). <em>Raising Awareness of and Countering Islamophobia, or Anti-Muslim Racism, in Europe.</em> <a href="https://pace.coe.int/en/files/30259/html">https://pace.coe.int/en/files/30259/html</a></p>
<p style="padding-left: 40px;">PACE (2023a).<em> Deportations and Forcible Transfers of Ukrainian Children and Other Civilians to Russian Federation or to Ukrainian Territories Temporarily Occupied: Create Conditions for their Safe Return, Stop</em><em> These Crimes and Punish the Perpetrators.</em> <a href="https://pace.coe.int/en/files/31776/html">https://pace.coe.int/en/files/31776/html</a></p>
<p style="padding-left: 40px;">PACE (2023b).<em> Integration of Migrants and Refugees: Benefits for All Parties Involved. Report Committee on</em><em> Migration, Refugees and Displaced Persons.</em> <a href="https://rm.coe.int/integration-of-migrants-and-refugees-benefits-for-all-parties-involved/1680aa9038">https://rm.coe.int/integration-of-migrants-and-refugees-benefits-for-all-parties-involved/1680aa9038</a></p>
<p style="padding-left: 40px;">PACE (2023c).<em> Social Inclusion of Migrants, Refugees and Internally Displaced Persons Through Sport.</em> <a href="https://pace.coe.int/en/files/32985/html">https://pace.coe.int/en/files/32985/html</a></p>
<p style="padding-left: 40px;">PACE (2023d).<em> Observation of the Parliamentary Elections in Poland.</em> <a href="https://pace.coe.int/en/files/33177/html">https://pace.coe.int/en/files/33177/html</a></p>
<p style="padding-left: 40px;">PACE (2023e). <em>The Challenge of Far-Right Ideology to Democracy and Human Rights in Europe.</em> <a href="https://pace.coe.int/en/files/33019/html">https://pace.coe.int/en/files/33019/html</a></p>
<p style="padding-left: 40px;">PACE (2023f). <em>The Theme of Migration and Asylum in Election Campaigns and its Consequences on the Reception</em><em> of Migrants and Their Rights. </em><a href="https://pace.coe.int/en/files/33029/html">https://pace.coe.int/en/files/33029/html</a></p>
<p style="padding-left: 40px;">PACE (2024a). <em>Committee on Migration, Refugees and Displaced Persons</em>. <a href="https://pace.coe.int/en/pages/committee-27/AS-MIG">https://pace.coe.int/en/pages/committee-27/AS-MIG</a></p>
<p style="padding-left: 40px;">PACE (2024b).<em> The Theme of Migration and Asylum in Election Campaigns and its Consequences on the Reception</em><em> of Migrants and their Rights</em>. <a href="https://pace.coe.int/en/files/33220/html">https://pace.coe.int/en/files/33220/html</a></p>
<p style="padding-left: 40px;">Venice Commission (2020). <em>Report on Electoral Law and Electoral Administration in Europe.</em> <a href="https://www.venice.coe.int/webforms/documents/default.aspx?pdffile=CDL-AD(2020)023-e">https://www.venice.coe.int/webforms/documents/default.aspx?pdffile=CDL-AD(2020)023-e</a></p>
<p style="padding-left: 40px;">True.UA (2018). <em>U 2018 rotsi v Seredzemnomu mori potonuly abo propaly bezvisty 2 275 cholovik</em></p>
<p style="padding-left: 40px;">[In 2018, 2,275 People Drowned or Went Missing in the Mediterranean Sea] <a href="https://trueua.info/news/u-2018-roci-v-seredzemnomu-mori-potonuli-abo-propali-bezvisti-2-275-cholovik-">https://trueua.info/news/u-2018-roci-v-seredzemnomu-mori-potonuli-abo-propali-bezvisti-2-275-cholovik-</a> [in Ukrainian].</p>
<p style="padding-left: 40px;">Verkhovna Rada of Ukraine (2002). <em>Konventsiya pro status bizhentsiv </em>[Convention on the Status of Refugees] <a href="https://zakon.rada.gov.ua/laws/show/995_011?lang=en#Text">https://zakon.rada.gov.ua/laws/show/995_011?lang=en#Text</a> [in Ukrainian].</p>
<p style="padding-left: 40px;">Postiyne predstavnytstvo Ukrayiny pry Radi Yevropy [Permanent Representation of Ukraine at the Council of Europe] (2023). <em>Ukrayina i Parlamentska Asambleya Rady Yevropy</em> [Ukraine and the Parliamentary Assembly of the Council of Europe] <a href="https://coe.mfa.gov.ua/spivrobitnictvo/ukrayina-v-parye">https://coe.mfa.gov.ua/spivrobitnictvo/ukrayina-v-parye</a> [in Ukrainian].</p>
<p style="padding-left: 40px;">Suspilne. Novyny [Public. News] (2023). <em>Mayzhe 50 krayin svitu zasudyly RF za deportatsiyu ukrayinskykh ditey</em> [Almost 50 Countries of the World Condemned the Russian Federation for the Deportation of Ukrainian Children]. <a href="https://suspilne.media/436617-majze-50-krain-svitu-zasudili-rf-za-deportaciu-ukrainskih-ditej/">https://suspilne.media/436617-majze-50-krain-svitu-zasudili-rf-za-deportaciu-ukrainskih-ditej/</a> [in Ukrainian].</p>
<p style="padding-left: 40px;">Ukrinform (2024). <em>Rosiyany nezakonno vsynovlyuyut ukrayinskykh ditey – komisar Rady Yevropy</em><br />
[Russians Illegally Adopt Ukrainian Children – Commissioner of the Council of Europe]. <a href="https://www.ukrinform.ua/rubric-society/3816911-rosiani-nezakonno-vsinovluut-ukrainskih-ditej-komisar-radi-evropi.html">https://www.ukrinform.ua/rubric-society/3816911-rosiani-nezakonno-vsinovluut-ukrainskih-ditej-komisar-radi-evropi.html</a> [in Ukrainian].</p>
<p style="padding-left: 40px;">UNIAN (2023). <em>Skilky ukrayinskykh ditey deportovano v Rosiyu: Zelenskyy rozkryv motoroshni dani</em><br />
[How Many Ukrainian Children have been Deported to Russia: Zelenskyi Disclosed the Scary Data]. <a href="https://www.unian.ua/society/skilki-ukrajinskih-ditey-deportovano-v-rosiyu-zelenskiy-rozkriv-motoroshni-dani-12255303.html">https://www.unian.ua/society/skilki-ukrajinskih-ditey-deportovano-v-rosiyu-zelenskiy-rozkriv-motoroshni-dani-12255303.html</a> [in Ukrainian].</p>

<p>DOI: 10.46340/eppd.2024.11.5.5 Iryna Matsyshyna, D.Sc. in Political Science Vasyl’ Stus Donetsk National University, Ukraine How to cite: Matsyshyna, I. (2024). Contemporary Migration in the Times of Far-Right. Evropský politický a právní diskurz, 11, 5, 43-52. https://doi.org/10.46340/eppd.2024.11.5.5 &nbsp; Abstract The modern trend of the emergence of far-right movements is related not&#8230; <a class="continue-reading-link" href="https://eppd13.cz/?page_id=2504"> Continue reading <span class="meta-nav">&rarr; </span></a></p>
