{"id":2484,"date":"2024-11-18T20:52:28","date_gmt":"2024-11-18T18:52:28","guid":{"rendered":"https:\/\/eppd13.cz\/?page_id=2484"},"modified":"2024-11-18T21:31:24","modified_gmt":"2024-11-18T19:31:24","slug":"2484-2","status":"publish","type":"page","link":"https:\/\/eppd13.cz\/?page_id=2484","title":{"rendered":"The Influence of European Integration Processes on Safeguarding Human Rights and Basic Rights in Ukraine"},"content":{"rendered":"<p><strong>DOI: <\/strong><a href=\"https:\/\/doi.org\/10.46340\/eppd.2024.11.5.2\">10.46340\/eppd.2024.11.5.2<\/a><\/p>\n<p><strong>Svitlana Oliinyk, PhD in International Law<\/strong><br \/>\n<em>National Academy of Management, Kyiv, Ukraine<\/em><br \/>\n<strong>Iryna Kovalevska, PhD in Law<\/strong><br \/>\n<em>State Migration Service of Ukraine, Kyiv, Ukraine<\/em><br \/>\n<strong>Viktor Leschynsky, PhD in Public Administration<\/strong><br \/>\n<em>National Aviation University, Kyiv, Ukraine<\/em><br \/>\n<strong>Volodymyr Kroitor, D.Sc. of Law<\/strong><br \/>\n<em>Kharkiv National University of Internal Affairs, Kharkiv, Ukraine<\/em><br \/>\n<strong>Volodymyr Adamovsky, PhD in History<\/strong><br \/>\n<em>Kamianets-Pod\u0456lskyi Ivan Ohiienko National University, Kamianets-Pod\u0456lskyi, Ukraine<\/em><\/p>\n<p><a href=\"https:\/\/eppd13.cz\/wp-content\/uploads\/2024\/2024-11-5\/04.pdf\" target=\"_blank\" rel=\"noopener noreferrer\"><img loading=\"lazy\" decoding=\"async\" class=\"alignnone size-full wp-image-2167\" src=\"http:\/\/eppd13.cz\/wp-content\/uploads\/2024\/01\/icon72-pdf-eppd.png\" alt=\"\" width=\"72\" height=\"72\" data-id=\"2167\" \/><\/a><\/p>\n<p><strong><em>How to cite: <\/em><\/strong>Oliinyk, S., Kovalevska, I., Leschynsky, V., Kroitor, V., &amp; Adamovsky, V. (2024). The Influence of European Integration Processes on Safeguarding Human Rights and Basic Rights in Ukraine. <em>Evropsk\u00fd politick\u00fd a pr\u00e1vn\u00ed diskurz, 11, 5,<\/em> 15-23. <a href=\"https:\/\/doi.org\/10.46340\/eppd.2024.11.5.2\">https:\/\/doi.org\/10.46340\/eppd.2024.11.5.2<\/a><\/p>\n<p>&nbsp;<\/p>\n<p><strong>Abstract<\/strong><\/p>\n<p>The purpose of the study is to analyze the impact of European integration processes on the protection of human rights and fundamental freedoms in Ukraine. To accomplish the proposed aim, a number of systematic methods were used: thematic analysis, comparative analysis, and content analysis. The main judicial documents related to changes in legislation and practice of implementing European legal standards were collected: The Constitution of Ukraine, Human rights legislation, Legislation on personal data protection, and The Maastricht Agreement. The study findings show that Ukraine&#8217;s European integration involves the approximation of Ukrainian law to European standards. This process also encompassed the safeguarding of human rights and basic liberties that included reducing discrimination, ensuring security, guaranteeing protection and social support, etc. It is important that Ukraine implements these legal changes in cooperation with leading European institutions, such as the Council of Europe and the European Court of Human Rights. This makes it possible to take into account current trends in the practical implementation of the protection of citizens. Simultaneously, efforts to implement the European integration goals of judicial system transformation, media freedom and rights, and civil society institution development should be acknowledged as promising areas for additional Ukrainian legislative reform. Hence, the conclusions emphasize the importance of further cooperation with European institutions and adherence to the democratic path of development. Also, promising areas for further changes in Ukrainian legislation are the work on the implementation of the goals of European integration and the change of the judicial structure, and ensuring the rights and freedoms of the media.<\/p>\n<p><em><strong>Keywords:<\/strong> <\/em>harmonization of legislation, establishment of institutions, strengthening of democracy, fundamental freedoms, European integration, cooperation.<\/p>\n<p>&nbsp;<\/p>\n<p><strong>References<\/strong><\/p>\n<p style=\"padding-left: 40px;\">Babenko, V., Biletska, Ya., &amp; Pelyak, H. (2020). Ukraine-EU: Economic Integration Strategy.\u00a0<em>Geopolitics under Globalization, 3(1)<\/em>, 12-23. <a href=\"https:\/\/doi.org\/10.21511\/gg.03(1).2020.02\">https:\/\/doi.org\/10.21511\/gg.03(1).2020.02<\/a><\/p>\n<p style=\"padding-left: 40px;\">Blikhar, V., Tsymbaliuk, M., Hreshchuk, H., Dostdar, R., Kokhaniuk, T., &amp; Krykavska, I. (2022). Current State and Development Trends of International Law in the Context of Economic and Legal Analysis of Financial Measures to Combat Cybercrime in the Global Environment.\u00a0<em>Financial and Credit Activity Problems of Theory and Practice, 6(47)<\/em>, 378-387. <a href=\"https:\/\/doi.org\/10.55643\/fcaptp.6.47.2022.3936\">https:\/\/doi.org\/10.55643\/fcaptp.6.47.2022.3936<\/a><\/p>\n<p style=\"padding-left: 40px;\">Bobro, N. (2024). Key Factors and Structures of the Development of the Digital Transformation of the Economy. <em>V\u011bda a Perspektivy, 1(32)<\/em>. <a href=\"https:\/\/doi.org\/10.52058\/2695-1592-2024-1(32)-9-14\">https:\/\/doi.org\/10.52058\/2695-1592-2024-1(32)-9-14<\/a><\/p>\n<p style=\"padding-left: 40px;\">Buriak, Ie., Skaletska, Z., Rezvorovych, K., &amp; Gigin, O. (2023). Future Legal Culture as an Element<br \/>\nof the Legal System.\u00a0<em>Futurity Economics &amp; Law, 3(2)<\/em>, 39-47.<br \/>\n<a href=\"https:\/\/www.futurity-econlaw.com\/index.php\/FEL\/article\/view\/115\">https:\/\/www.futurity-econlaw.com\/index.php\/FEL\/article\/view\/115<\/a><\/p>\n<p style=\"padding-left: 40px;\">Danilyan, O., Dzeban, O.,Kalynovskyi, Yu., &amp; Klenina, K. (2021). The Influence of Historical Traditions<br \/>\non the Formation of Legal Consciousness of the Ukrainian People. <em>Revista Notas Hist\u00f3ricas y Geogr\u00e1ficas, 26<\/em>, 144-165. <a href=\"https:\/\/www.revistanotashistoricasygeograficas.cl\/index.php\/nhyg\/article\/view\/330\">https:\/\/www.revistanotashistoricasygeograficas.cl\/index.php\/nhyg\/article\/view\/330<\/a><\/p>\n<p style=\"padding-left: 40px;\">Dermine, P. (2023). EU Fiscal Capacity \u2013 Legal Integration after COVID-19 and the War in Ukraine.\u00a0<em>Journal of\u00a0Contemporary European Studies, 1-2<\/em>. <a href=\"https:\/\/doi.org\/10.1080\/14782804.2023.2254643\">https:\/\/doi.org\/10.1080\/14782804.2023.2254643<\/a><\/p>\n<p style=\"padding-left: 40px;\">Dervi\u0307\u015f,L. (2023). Transformation of Geopolitical Perceptions in the Russian-Ukrainian war: Impact<br \/>\non Regional Relations in the Future.\u00a0<em>Futurity of Social Sciences, 1(1)<\/em>, 21-34.<br \/>\n<a href=\"https:\/\/futurity-social.com\/index.php\/journal\/article\/view\/2\">https:\/\/futurity-social.com\/index.php\/journal\/article\/view\/2<\/a><\/p>\n<p style=\"padding-left: 40px;\">Dluhopolskyi, O., et al. (2023). Formation of the Model of Sustainable Economic Development of Renewable Energy.\u00a0<em>ECONOMICS \u2013 Innovative and Economics Research Journal, 11(2)<\/em>, 51-78. <a href=\"https:\/\/doi.org\/10.2478\/eoik-2023-0050\">https:\/\/doi.org\/10.2478\/eoik-2023-0050<\/a><\/p>\n<p style=\"padding-left: 40px;\">Drobotov,\u00a0S. A. (2020). National Security and Human Rights in Ukraine.\u00a0<em>Scientific Journal of Public and Private Law, 2(3)<\/em>, 16-22. <a href=\"https:\/\/doi.org\/10.32844\/2618-1258.2020.3-2.3\">https:\/\/doi.org\/10.32844\/2618-1258.2020.3-2.3<\/a><\/p>\n<p style=\"padding-left: 40px;\">Dykan, V., Pakharenko, O., Saienko, V., Skomorovskyi, A., &amp; Neskuba, T. (2021). Evaluating the Efficiency of\u00a0the Synergistic Effect in the Business Network.\u00a0<em>Journal of Eastern European and Central Asian Research (JEECAR), 8(1)<\/em>, 51-61. <a href=\"https:\/\/doi.org\/10.15549\/jeecar.v8i1.646\">https:\/\/doi.org\/10.15549\/jeecar.v8i1.646<\/a><\/p>\n<p style=\"padding-left: 40px;\">Fuley,\u00a0T. (2022). The European Human Rights Protection System: Challenges as a Result of the Russian Invasion of Ukraine.\u00a0<em>Uzhhorod National University Herald. Series: Law, 1(72)<\/em>, 109-117.<br \/>\n<a href=\"https:\/\/doi.org\/10.24144\/2307-3322.2022.72.19\">https:\/\/doi.org\/10.24144\/2307-3322.2022.72.19<\/a><\/p>\n<p style=\"padding-left: 40px;\">Kalmykova, O. (2022). Ukraine, Russia, and International Law: Occupation, Armed Conflict and Human Rights.\u00a0<em>Law, Business and Sustainability Herald, 2(2)<\/em>, 4-10. <a href=\"https:\/\/lbsherald.org\/index.php\/journal\/article\/view\/36\">https:\/\/lbsherald.org\/index.php\/journal\/article\/view\/36<\/a><\/p>\n<p style=\"padding-left: 40px;\">Kaplina, O. (2022). Prisoner of War: Special Status in the Criminal Proceedings of Ukraine and the Right to Exchange. <em>Access to Justice in Eastern Europe, 5(4-2)<\/em>, 8-24. <a href=\"https:\/\/doi.org\/10.33327\/AJEE-18-5.4-a000438\">https:\/\/doi.org\/10.33327\/AJEE-18-5.4-a000438<\/a><\/p>\n<p style=\"padding-left: 40px;\">Kozlovskyi, S., Petrunenko, Ia., <a href=\"https:\/\/www.scopus.com\/authid\/detail.uri?authorId=57203903434\">Mazur,<\/a> H., <a href=\"https:\/\/www.scopus.com\/authid\/detail.uri?authorId=57216977003\">Butenko,<\/a>V., &amp;<em>\u00a0<\/em>Ivanyuta, N. (2022). Assessing the Probability of\u00a0Bankruptcy when Investing in Cryptocurrency.\u00a0<em>Investment Management and Financial Innovations, 19(3)<\/em>, 312-321. <a href=\"http:\/\/dx.doi.org\/10.21511\/imfi.19(3).2022.26\">http:\/\/dx.doi.org\/10.21511\/imfi.19(3).2022.26<\/a><\/p>\n<p style=\"padding-left: 40px;\">Kozlovskyi, S., Kulinich, T., Vechirko, I., Lavrov, R., Zayukov, I., &amp; Mazur, H. (2024). Relationship Between Net Migration and Economic Development of European Countries: Empirical Conclusions.\u00a0<em>Problems and Perspectives in Management, 22(1)<\/em>, 605-618. <a href=\"http:\/\/dx.doi.org\/10.21511\/ppm.22(1).2024.48\">http:\/\/dx.doi.org\/10.21511\/ppm.22(1).2024.48<\/a><\/p>\n<p style=\"padding-left: 40px;\">Kregul,\u00a0Yu., Batrymenko,\u00a0V., &amp; Kostyuchenko,\u00a0Ya. (2020). Ukraine and the EU: Institutional and Legal Ensuring Transparency.\u00a0<em>Foreign Trade: Economics, Finance, Law, 108(1)<\/em>, 14-22. <a href=\"https:\/\/doi.org\/10.31617\/zt.knute.2020(108)02\">https:\/\/doi.org\/10.31617\/zt.knute.2020(108)02<\/a><\/p>\n<p style=\"padding-left: 40px;\">Kroitor,\u00a0V., &amp; Mamnitskyi, V. (2019). Adversial Principle Under the New Civil Procedure in Ukraine.\u00a0<em>Access to\u00a0Justice in Eastern Europe, 2(5)<\/em>, 30-41. <a href=\"https:\/\/doi.org\/10.33327\/AJEE-18-2.4-a000021\">https:\/\/doi.org\/10.33327\/AJEE-18-2.4-a000021<\/a><\/p>\n<p style=\"padding-left: 40px;\">Kryshtanovych, M., Akimova, L., Shamrayeva, V., Karpa, M., &amp; Akimov, O. (2022). Problems of European Integration in the Construction of EU Security Policy in the Context of Counter-Terrorism.\u00a0<em>International Journal of Safety and Security Engineering, 12(4)<\/em>, 501-506. <a href=\"https:\/\/doi.org\/10.18280\/ijsse.120411\">https:\/\/doi.org\/10.18280\/ijsse.120411<\/a><\/p>\n<p style=\"padding-left: 40px;\">Kubiv,\u00a0S.\u00a0I., Bobro,\u00a0N.\u00a0S., Lopushnyak,\u00a0G.\u00a0S., Lenher, Y., &amp; Kozhyna, A. (2020). Innovative Potential in European Countries: Analytical and Legal Aspects.\u00a0<em>International Journal of Economics and Business Administration, VIII<\/em>(<em>2)<\/em>, 250-264. <a href=\"https:\/\/ijeba.com\/journal\/457\">https:\/\/ijeba.com\/journal\/457<\/a><\/p>\n<p style=\"padding-left: 40px;\">Kuzheliev, M., Zherlitsyn, D<em>.<\/em><em>,<\/em><em>\u00a0<\/em>Nechyporenko, A<em>.<\/em><em>,<\/em><em>\u00a0<\/em>Lutkovska, S.<em>,<\/em>&amp; Mazur, H. (2023). Distance Learning as a Tool for Enhancing University Academic Management Processes During the War.\u00a0<em>Problems and Perspectives in\u00a0Management, 21(2)<\/em>, 23-30. <a href=\"http:\/\/dx.doi.org\/10.21511\/ppm.21(2-si).2023.04\">http:\/\/dx.doi.org\/10.21511\/ppm.21(2-si).2023.04<\/a><\/p>\n<p style=\"padding-left: 40px;\">Kyryliuk, O. (2022). Linguistic Means of Dehumanisation of the Enemy in the Discourse of the Armed Conflict in\u00a0Ukraine. <em>Journal of Linguistic and Intercultural Education<\/em><em>, 15(2)<\/em>, 145-167. <a href=\"http:\/\/jolie.uab.ro\/index.php?pagina=pg&amp;id=39&amp;l=en\">http:\/\/jolie.uab.ro\/index.php?pagina=pg&amp;id=39&amp;l=en<\/a><\/p>\n<p style=\"padding-left: 40px;\">Lutsiak, V., Lavrov, R., Furman, I., Smitiukh, A., Mazur, H., &amp; Zahorodnia, N. (2020). Economic Aspects and Prospects for the Development of the Market of Vegetable Oils in a Context of Formation of its Value Chain.\u00a0<em>Montenegrin Journal of Economics, 16(1)<\/em>, 155-168. <a href=\"https:\/\/doi.org\/10.14254\/1800-5845\/2020.16-1.10\">https:\/\/doi.org\/10.14254\/1800-5845\/2020.16-1.10<\/a><\/p>\n<p style=\"padding-left: 40px;\">Lysenko, S., Bobro, N., Korsunov, K., Vasylchyshyn, O., &amp; Tatarchenko, Ye. (2024). The Role of Artificial Intelligence in Cybersecurity: Automation of Protection and Detection of Threats.\u00a0<em>Economic Affairs, 69(1)<\/em>. <a href=\"https:\/\/doi.org\/10.46852\/0424-2513.1.2024.6\">https:\/\/doi.org\/10.46852\/0424-2513.1.2024.6<\/a><\/p>\n<p style=\"padding-left: 40px;\">Mazur, H., &amp; Kozlovskyi, A. (2023). Formation of the Model of Sustainable Economic Development of\u00a0Renewable Energy.\u00a0<em>Economics<\/em>. <a href=\"https:\/\/doi.org\/10.2478\/eoik-2023-0050\">https:\/\/doi.org\/10.2478\/eoik-2023-0050<\/a><\/p>\n<p style=\"padding-left: 40px;\">Masyk, M., Buryk, Z., Radchenko, O., Saienko, V., &amp; Dziurakh, Yu. (2023). Criteria for Governance&#8217; Institutional Effectiveness and Quality in the Context of Sustainable Development Tasks.\u00a0<em>International Journal for Quality Research, 17(2)<\/em>, 501-514. <a href=\"https:\/\/doi.org\/10.24874\/IJQR17.02-13\">https:\/\/doi.org\/10.24874\/IJQR17.02-13<\/a><\/p>\n<p style=\"padding-left: 40px;\">Ovechkina, O., Mykhailyshyn, L., Shevchenko, O., Shevchuk, V., Korovchuk, Yu., &amp; Kohut-Ferens, O. (2022). Development of the Conceptual Model of Implementation of the State Strategy of Communication with Realization of European Integration Approaches.\u00a0<em>Financial and Credit Activity Problems of Theory and Practice, 4(45)<\/em>, 437-445. <a href=\"https:\/\/doi.org\/10.55643\/fcaptp.4.45.2022.3783\">https:\/\/doi.org\/10.55643\/fcaptp.4.45.2022.3783<\/a><\/p>\n<p style=\"padding-left: 40px;\">Petrechenko, S., Kuryliuk, Yu., &amp; Yuryk, O. (2021). Legal Aspects of Medical Care and Rehabilitation of War Veterans in Ukraine. <em>Pharmacologyonline<\/em><em>, 2<\/em>, 1-8. <a href=\"https:\/\/pharmacologyonline.silae.it\/files\/newsletter\/2021\/vol2\/PhOL_2021_2_NL001_Petrechenko.pdf\">https:\/\/pharmacologyonline.silae.it\/files\/newsletter\/2021\/vol2\/PhOL_2021_2_NL001_Petrechenko.pdf<\/a><\/p>\n<p style=\"padding-left: 40px;\">Petrov, R., Van Der Loo, C., &amp; Van Elsuwege, P. (2015). The EU-Ukraine Association Agreement: A New Legal Instrument of Integration Without Membership?\u00a0<em>Kyiv-Mohyla Law and Politics Journal, 1<\/em>, 1-19. <a href=\"https:\/\/doi.org\/10.18523\/kmlpj52678.2015-1.1-19\">https:\/\/doi.org\/10.18523\/kmlpj52678.2015-1.1-19<\/a><\/p>\n<p style=\"padding-left: 40px;\">Redko, A. (2017). Ukraine \u2013 EU: Historical and Legal Analysis of European Integration.\u00a0<em>Journal of Vasyl Stefanyk Precarpathian National University, 4(3-4)<\/em>, 95-102. <a href=\"https:\/\/doi.org\/10.15330\/jpnu.4.3-4.95-102\">https:\/\/doi.org\/10.15330\/jpnu.4.3-4.95-102<\/a><\/p>\n<p style=\"padding-left: 40px;\">Semenets, \u0410., Tiurina, D., Kuzkin, Y., &amp; Yarmak<em>,<\/em> O. (2020). An Analysis of the European Integration Processes in\u00a0Ukraine.\u00a0<em>Financial and Credit Activity: Problems of Theory and Practice, 4(35)<\/em>, 495-506. <a href=\"https:\/\/doi.org\/10.18371\/fcaptp.v4i35.222526\">https:\/\/doi.org\/10.18371\/fcaptp.v4i35.222526<\/a><\/p>\n<p style=\"padding-left: 40px;\">Shcherbaniyk, O., Kyrulina, O., Serdiuk, N., Ilnytsky, O., Bashlai, S., &amp; Trachuk, P. (2020). Protecting Fundamental Rights Within the European Union.\u00a0<em>International Journal of Economics and Business Administration, VIII, Special Issue 1<\/em>, 141-153. DOI: 10.35808\/ijeba\/532<\/p>\n<p style=\"padding-left: 40px;\">Storozhyk, M. (2024). Philosophy of Future: Analytical Overview of Interaction Between Education, Science and Artificial Intelligence in the Context of Contemporary Challenges.\u00a0<em>Futurity Philosophy, 3(1)<\/em>, 23-47. <a href=\"https:\/\/doi.org\/10.57125\/FP.2024.03.30.02\">https:\/\/doi.org\/10.57125\/FP.2024.03.30.02<\/a><\/p>\n<p style=\"padding-left: 40px;\">Timofeyeva,\u00a0L. Yu. (2020). Some Issues of European Integration in the Modern Criminal Law of Ukraine. <em>Modern Researches: Progress of the Legislation of Ukraine and Experience of the European Union,<\/em> 990-1006. <a href=\"https:\/\/doi.org\/10.30525\/978-9934-588-43-3\/2.22\">https:\/\/doi.org\/10.30525\/978-9934-588-43-3\/2.22<\/a><\/p>\n<p style=\"padding-left: 40px;\">Wulandari, L. P., Apsari, D. D., &amp; Hapsari, A. H. (2023). Development of Educational Media for Adolescent Reproductive Health.\u00a0<em>Futurity Medicine<\/em><em>, 2(4)<\/em>, 17-27. <a href=\"https:\/\/futurity-medicine.com\/index.php\/fm\/article\/view\/51\">https:\/\/futurity-medicine.com\/index.php\/fm\/article\/view\/51<\/a><\/p>\n<p style=\"padding-left: 40px;\">Yakoviyk, I., Shestopal, S., Baranov, P., &amp; Blokhina, N. (2018). State Sovereignty and Sovereign Rigts: EU and\u00a0National Sovereignty. <em>Opcion, 34(87-2)<\/em>, 376-385. <a href=\"https:\/\/produccioncientificaluz.org\/index.php\/opcion\/article\/view\/30427?source=\/index.php\/opcion\/article\/view\/30427\">https:\/\/produccioncientificaluz.org\/index.php\/opcion\/article\/view\/30427?source=\/index.php\/opcion\/article\/view\/30427<\/a><\/p>\n<p style=\"padding-left: 40px;\">Zayukov, I., Mazur, H., Kozlovskyi, S., Lavrov, R., &amp; Matsyuk, V. (2024). The Influence of the Net Financial Result of the Activities of the State Enterprises of Ukraine on the Efficiency of the Use of their Capital in\u00a0the\u00a0Corporate Management System.\u00a0<em>Evropsk\u00fd \u010casopis Ekonomiky a Managementu, 10(1)<\/em>, 15-25. <a href=\"https:\/\/doi.org\/10.46340\/eujem.2024.10.1.2\">https:\/\/doi.org\/10.46340\/eujem.2024.10.1.2<\/a><\/p>\n<p style=\"padding-left: 40px;\">Zemskova, A. (2023). <em>The Rule of Law in Economic Emergency in the European Union<\/em>. Lund University. <a href=\"https:\/\/lup.lub.lu.se\/search\/publication\/d62b926f-9bc2-4211-bfad-0db4c24470a6\">https:\/\/lup.lub.lu.se\/search\/publication\/d62b926f-9bc2-4211-bfad-0db4c24470a6<\/a><\/p>\n","protected":false},"excerpt":{"rendered":"<p>DOI: 10.46340\/eppd.2024.11.5.2 Svitlana Oliinyk, PhD in International Law National Academy of Management, Kyiv, Ukraine Iryna Kovalevska, PhD in Law State Migration Service of Ukraine, Kyiv, Ukraine Viktor Leschynsky, PhD in Public Administration National Aviation University, Kyiv, Ukraine Volodymyr Kroitor, D.Sc. of Law Kharkiv National University of Internal Affairs, Kharkiv, Ukraine&#8230; <a class=\"continue-reading-link\" href=\"https:\/\/eppd13.cz\/?page_id=2484\"> Continue reading <span class=\"meta-nav\">&rarr; <\/span><\/a><\/p>\n","protected":false},"author":1,"featured_media":0,"parent":2473,"menu_order":2,"comment_status":"closed","ping_status":"closed","template":"","meta":{"footnotes":""},"class_list":["post-2484","page","type-page","status-publish","hentry"],"_links":{"self":[{"href":"https:\/\/eppd13.cz\/index.php?rest_route=\/wp\/v2\/pages\/2484","targetHints":{"allow":["GET"]}}],"collection":[{"href":"https:\/\/eppd13.cz\/index.php?rest_route=\/wp\/v2\/pages"}],"about":[{"href":"https:\/\/eppd13.cz\/index.php?rest_route=\/wp\/v2\/types\/page"}],"author":[{"embeddable":true,"href":"https:\/\/eppd13.cz\/index.php?rest_route=\/wp\/v2\/users\/1"}],"replies":[{"embeddable":true,"href":"https:\/\/eppd13.cz\/index.php?rest_route=%2Fwp%2Fv2%2Fcomments&post=2484"}],"version-history":[{"count":2,"href":"https:\/\/eppd13.cz\/index.php?rest_route=\/wp\/v2\/pages\/2484\/revisions"}],"predecessor-version":[{"id":2486,"href":"https:\/\/eppd13.cz\/index.php?rest_route=\/wp\/v2\/pages\/2484\/revisions\/2486"}],"up":[{"embeddable":true,"href":"https:\/\/eppd13.cz\/index.php?rest_route=\/wp\/v2\/pages\/2473"}],"wp:attachment":[{"href":"https:\/\/eppd13.cz\/index.php?rest_route=%2Fwp%2Fv2%2Fmedia&parent=2484"}],"curies":[{"name":"wp","href":"https:\/\/api.w.org\/{rel}","templated":true}]}}