{"id":2337,"date":"2024-05-08T18:53:43","date_gmt":"2024-05-08T15:53:43","guid":{"rendered":"https:\/\/eppd13.cz\/?page_id=2337"},"modified":"2024-05-08T19:59:54","modified_gmt":"2024-05-08T16:59:54","slug":"russias-regional-policy-unlearned-lessons-of-local-conflicts","status":"publish","type":"page","link":"https:\/\/eppd13.cz\/?page_id=2337","title":{"rendered":"Russia\u2019s Regional Policy: Unlearned Lessons of Local Conflicts"},"content":{"rendered":"<p><strong>DOI: <\/strong><a href=\"https:\/\/doi.org\/10.46340\/eppd.2024.11.2.1\">10.46340\/eppd.2024.11.2.1<\/a><\/p>\n<p><strong>Olga Brusylovska, ScD in Political Science<\/strong><br \/>\n<em>Odesa I. I. Mechnikov National University, Odesa, Ukraine<\/em><br \/>\n<strong>Iuliia Maistrenko, PhD in Political Science<\/strong><br \/>\n<em>Odesa I. I. Mechnikov National University, Odesa, Ukraine<\/em><\/p>\n<p><a href=\"https:\/\/eppd13.cz\/wp-content\/uploads\/2024\/2024-11-2\/03.pdf\" target=\"_blank\" rel=\"noopener noreferrer\"><img loading=\"lazy\" decoding=\"async\" class=\"alignnone size-full wp-image-2167\" src=\"http:\/\/eppd13.cz\/wp-content\/uploads\/2024\/01\/icon72-pdf-eppd.png\" alt=\"\" width=\"72\" height=\"72\" data-id=\"2167\" \/><\/a><\/p>\n<p><strong><em>How to cite: <\/em><\/strong>Brusylovska, O. &amp; Maistrenko, Iu. (2024). Russia\u2019s Regional Policy: Unlearned Lessons of Local Conflicts. <em>Evropsk\u00fd politick\u00fd a pr\u00e1vn\u00ed diskurz, 11, 2,<\/em> 5-15. <a href=\"https:\/\/doi.org\/10.46340\/eppd.2024.11.2.1\">https:\/\/doi.org\/10.46340\/eppd.2024.11.2.1<\/a><\/p>\n<p>&nbsp;<\/p>\n<p><strong>Abstract<\/strong><\/p>\n<p>The goal of this article is to identify Russia\u2019s policy options during local conflicts in the post-Soviet space. Our research is empirical. The research question is how Russia chose its \u201cinvolvement\u201d options in post-Soviet local conflicts? The independent variable is Russian regional politics; the dependent variable is local conflict in a post-Soviet country (cases of Abkhazia, South Ossetia, Nagorno-Karabakh, and Chechnya). The hypothesis is that Russian politics played a significant role in post-Soviet local conflicts. Research triangulation was achieved through the use of several qualitative methods (documentary investigation, collecting data from media and secondary sources, Internet research, and discourse analysis). The first option of Russia\u2019s actions in the post-Soviet space is to fuel a local conflict and play the role of a \u201cPeacemaker\u201d to solidify its influence in the region. Russia employed such tactics in Nagorno-Karabakh, Abkhazia, and South Ossetia in the initial stage. The second option is \u201cInvasion and the Creation of Quasi-States,\u201d which was applied in Chechnya, as well as in Abkhazia and South Ossetia after the Five-Day War against Georgia. A similar attempt was made in Ukraine under the project \u201cNovorossiya,\u201d but it ended with limited success. Instead of a quasi-state stretching upon the entire southeastern part of Ukraine (Donetsk, Luhansk, Zaporizhzhia, Mykolaiv, Odesa, Kharkiv, Kherson regions, and Crimea), the Kremlin managed to create only \u201cthe Donetsk and Luhansk People\u2019s Republics\u201d (DPR and LPR), while Crimea, due to its special military-strategic value, was annexed by the Russian Federation through a rigged referendum. By using local conflicts, Russia seeks to regain its status as a great power. To achieve this, Russia plays out the same scenario in the post-Soviet space: igniting ethnic tensions, deploying a limited contingent, and endorsing territorial changes in favor of allies. The same instruments were applied again in Ukraine, but the international community failed to learn the lessons from previous conflicts and was unable to stop Putin before the onset of large-scale aggression.<\/p>\n<p><em><strong>Keywords:<\/strong><\/em> Russia, regional politics, local conflicts, Abkhazia, South Ossetia, Nagorno-Karabakh, Chechnya, quasi-states.<\/p>\n<p>&nbsp;<\/p>\n<p><strong>References<\/strong><\/p>\n<p style=\"padding-left: 40px;\">Baev, \u0420. (2023, September 30). The Next Surge of Conflict in the South Caucasus is Still Preventable. <em>IFRI. <\/em><a href=\"https:\/\/www.ifri.org\/sites\/default\/files\/atoms\/files\/baev_conflict_south_caucasus_2023.pdf\">https:\/\/www.ifri.org\/sites\/default\/files\/atoms\/files\/baev_conflict_south_caucasus_2023.pdf<\/a><\/p>\n<p style=\"padding-left: 40px;\">Chowdhury, A., &amp; Chandra Shil, N. (2021). Thinking \u2018Qualitative\u2019 Through a Case Study: Homework for a Researcher. <em>American Journal of Qualitative Research<\/em>, <em>5(2)<\/em>, 190-210. <a href=\"https:\/\/doi.org\/10.29333\/ajqr\/11280\">https:\/\/doi.org\/10.29333\/ajqr\/11280<\/a><\/p>\n<p style=\"padding-left: 40px;\">Commonspace.eu. (2020, November 10). <em>Document: Full Text of the Agreement between the Leaders of Russia, Armenia and Azerbaijan<\/em>. <a href=\"https:\/\/web.archive.org\/web\/20240417184244\/https:\/www.commonspace.eu\/news\/document-full-text-agreement-between-leaders-russia-armenia-and-azerbaijan\">https:\/\/web.archive.org\/web\/20240417184244\/https:\/\/www.commonspace.eu\/news\/document-full-text-agreement-between-leaders-russia-armenia-and-azerbaijan<\/a><\/p>\n<p style=\"padding-left: 40px;\">Coombs, H. (2022). <em>Case Study Research: Single or Multiple <\/em>[White Paper]. Southern Utah University. <a href=\"https:\/\/doi.org\/10.5281\/zenodo.7604301\">https:\/\/doi.org\/10.5281\/zenodo.7604301<\/a><\/p>\n<p style=\"padding-left: 40px;\">Creswell, J. W., &amp; Poth, C. N. (2018). <em>Qualitative Inquiry and Research Design: Choosing Among Five Approaches<\/em>. Los Angeles: SAGE.<\/p>\n<p style=\"padding-left: 40px;\">De Waal, T. (2017, January 24). The Threat of a Karabakh Conflict in 2017. <em>Carnegie Centre. <\/em><a href=\"https:\/\/web.archive.org\/web\/20240417183447\/https:\/carnegieeurope.eu\/strategiceurope\/?fa=67774\">https:\/\/web.archive.org\/web\/20240417183447\/https:\/\/carnegieeurope.eu\/strategiceurope\/?fa=67774<\/a><\/p>\n<p style=\"padding-left: 40px;\">Esipov, V. (2020, November 21). Jeksperty o situacii v Karabahe: mir s daleko idushhimi posledstvijami<br \/>\n[Experts on the Situation in Karabakh: Peace with Far-reaching Consequences]. <em>DW.<\/em> <a href=\"https:\/\/web.archive.org\/web\/20240417184602\/https:\/www.dw.com\/ru\/jeksperty-o-situacii-v-karabahe-mir-s-daleko-idushhimi-posledstvijami\/a-55678239\">https:\/\/web.archive.org\/web\/20240417184602\/https:\/\/www.dw.com\/ru\/jeksperty-o-situacii-v-karabahe-mir-s-daleko-idushhimi-posledstvijami\/a-55678239<\/a> [in Russian].<\/p>\n<p style=\"padding-left: 40px;\">Fedorov, Ju. (2016). <em>\u00abHybrid\u00bb War A LA RUSSE: Gibridnaja vojna po-russki <\/em>[\u201cHybrid\u201d War A LA RUSSE: Hybrid War in Russian]. Kyiv: Biznespoligraf. [in Russian].<\/p>\n<p style=\"padding-left: 40px;\">Gadimova, G. S. K. (2018). The Impact of the Nagorno-Karabakh Conflict on the Regional Prosperity<br \/>\nof the South Caucasus. <em>New Eastern Europe.<\/em> <a href=\"https:\/\/web.archive.org\/web\/20240417180520\/https:\/neweasterneurope.eu\/2018\/04\/23\/impact-nagorno-karabakh-conflict-regional-prosperity-south-caucasus\/\">https:\/\/web.archive.org\/web\/20240417180520\/https:\/\/neweasterneurope.eu\/2018\/04\/23\/impact-nagorno-karabakh-conflict-regional-prosperity-south-caucasus\/<\/a><\/p>\n<p style=\"padding-left: 40px;\">Gonchar, M. (2016). <em>Gibressija Putina. Nevoennye aspekty vojn novogo pokolenija <\/em>[Putin\u2019s Hybridization.<br \/>\nNon-military Aspects of New Generation Wars]. Kyiv: Centr Globalistiki Strategija HH\u0406. <a href=\"https:\/\/web.archive.org\/web\/20240417182444\/https:\/ivinas.gov.ua\/novini\/u-nashykh-partneriv\/gibressiya-putina-nevoennye-aspekty-vojn-novogo-pokoleniya-fragmenty-issledovaniya-tsentra-globalistiki-strategiya-khkhi-v-ramkakh-proekta-antares-rukov-proekta-m-gonchar-tsentr-globalistiki-strategiya-khkhi-kiev-2016-62-s.html%20\">https:\/\/web.archive.org\/web\/20240417182444\/https:\/\/ivinas.gov.ua\/novini\/u-nashykh-partneriv\/gibressiya-putina-nevoennye-aspekty-vojn-novogo-pokoleniya-fragmenty-issledovaniya-tsentra-globalistiki-strategiya-khkhi-v-ramkakh-proekta-antares-rukov-proekta-m-gonchar-tsentr-globalistiki-strategiya-khkhi-kiev-2016-62-s.html<\/a> [in Russian].<\/p>\n<p style=\"padding-left: 40px;\">Gonzalez-Ocantos, E. (2020). Designing Qualitative Research Projects: Notes on Theory Building, Case Selection and Field Research. In L. Curini and R. Franzese Jr. eds. <em>SAGE Handbook of Research Methods in Political Science and International Relations<\/em>. Thousand Oaks: SAGE. <a href=\"https:\/\/doi.org\/10.4135\/9781526486387\">https:\/\/doi.org\/10.4135\/9781526486387<\/a><\/p>\n<p style=\"padding-left: 40px;\">Iskandarjan, A. (2008). Jeskizy novogo status-kvo na Juzhnom Kavkaze [Sketches of a New Status Quo<br \/>\nin the South Caucasus]. In <em>KAVKAZ-2008. Ezhegodnik Instituta Kavkaza <\/em>[CAUCASUS-2008. Yearbook<br \/>\nof the Caucasus Institute]. Yerevan: Institut Kavkaza, 101-105. <a href=\"https:\/\/web.archive.org\/web\/20240417194316\/https:\/c-i.am\/pdf\/2008\/7.%20Iskandaryan%20-%20Eskizi%20novogo%20status-kvo%20na%20Kavkaze.pdf\">https:\/\/web.archive.org\/web\/20240417194316\/https:\/\/c-i.am\/pdf\/2008\/7.%20Iskandaryan%20-%20Eskizi%20novogo%20status-kvo%20na%20Kavkaze.pdf<\/a> [in Russian].<\/p>\n<p style=\"padding-left: 40px;\">Kucera, J. (2013, July 4). Russia Announces Upgrades to CSTO Military Presence in Armenia. <em>Eurasianet.<\/em> <a href=\"https:\/\/web.archive.org\/web\/20240417185516\/https:\/eurasianet.org\/russia-announces-upgrades-to-csto-military-presence-in-armenia\">https:\/\/web.archive.org\/web\/20240417185516\/https:\/\/eurasianet.org\/russia-announces-upgrades-to-csto-military-presence-in-armenia<\/a><\/p>\n<p style=\"padding-left: 40px;\">Lamont, K. (2015). <em>Research Methods in International R<\/em><em>elations.<\/em> Los Angeles: SAGE.<\/p>\n<p style=\"padding-left: 40px;\">Lukyanov, F. (2016, May-June). Putin\u2019s Foreign Policy<em>.<\/em> <em>Foreign Affairs<\/em>. <a href=\"https:\/\/web.archive.org\/web\/20240417185905\/https:\/publications.hse.ru\/pubs\/share\/folder\/o2pnrpun8x\/181859793.pdf\">https:\/\/web.archive.org\/web\/20240417185905\/https:\/\/publications.hse.ru\/pubs\/share\/folder\/o2pnrpun8x\/181859793.pdf<\/a><\/p>\n<p style=\"padding-left: 40px;\">Markedonov, S. (2008). Regional\u2019nye konflikty: perezagruzka [Regional Conflicts: Reset].<br \/>\n<em>Rossija v globalnoj politike <\/em>[Russia in Global Politics], <em>5<\/em>. <a href=\"https:\/\/web.archive.org\/web\/20240417190852\/https:\/www.globalaffairs.ru\/articles\/regionalnye-konflikty-perezagruzka\/\">https:\/\/web.archive.org\/web\/20240417190852\/https:\/\/www.globalaffairs.ru\/articles\/regionalnye-konflikty-perezagruzka\/<\/a> [in Russian].<\/p>\n<p style=\"padding-left: 40px;\">Markedonov, S. (2018). Russia and the Conflicts in the South Caucasus: Main Approaches, Problems, and Prospects. <em>Caucasus Edition. <\/em><a href=\"https:\/\/web.archive.org\/web\/20240417190300\/https:\/caucasusedition.net\/russia-and-the-conflicts-in-the-south-caucasus-main-approaches-problems-and-prospects\/\">https:\/\/web.archive.org\/web\/20240417190300\/https:\/\/caucasusedition.net\/russia-and-the-conflicts-in-the-south-caucasus-main-approaches-problems-and-prospects\/<\/a>.<\/p>\n<p style=\"padding-left: 40px;\">Minasjan, S. (2008). \u00abPjatidnevnaja vojna\u00bb avgusta 2008 g.: voenno-politicheskij analiz [\u201cFive-Day War\u201d<br \/>\nof August 2008: Military-Political Analysis]. In <em>KAVKAZ-2008. Ezhegodnik Instituta Kavkaza <\/em><em><br \/>\n<\/em>[CAUCASUS-2008. Yearbook of the Caucasus Institute]. Yerevan: Institut Kavkaza. <a href=\"https:\/\/web.archive.org\/web\/20240417191212\/https:\/c-i.am\/pdf\/2008\/8.%20Minasyan%20-%205dnevnaya%20voyna%20-%20voenno-politicheskiy%20analiz.pdf\">https:\/\/web.archive.org\/web\/20240417191212\/https:\/\/c-i.am\/pdf\/2008\/8.%20Minasyan%20-%205dnevnaya%20voyna%20-%20voenno-politicheskiy%20analiz.pdf<\/a> [in Russian].<\/p>\n<p style=\"padding-left: 40px;\">Peace Agreements Database (2021, January 11). <em>Trilateral Statement of the leaders of Azerbaijan, <\/em><em><br \/>\nRussian Federation and Armenia. <\/em>The University of Edinburgh. <a href=\"https:\/\/web.archive.org\/save\/https:\/www.peaceagreements.org\/view\/2455\">https:\/\/web.archive.org\/save\/https:\/\/www.peaceagreements.org\/view\/2455<\/a><\/p>\n<p style=\"padding-left: 40px;\">Perepelytsia, H. (2003). <em>Henezys konfliktiv na postkomunistychnomu prostori Yevropy <\/em>[Genesis of Conflicts<br \/>\nin the Post-communist Space of Europe]. Kyiv: Foliant. [in Ukrainian].<\/p>\n<p style=\"padding-left: 40px;\">Piontkovsky, A. (2012). Ukraina mezhdu Rossiej i ES [Ukraine Between Russia and the EU]. <em>Natsionalna bezpeka i oborona<\/em> [National Security and Defence Journal], <em>4\/5<\/em>, 76-78. [in Russian].<\/p>\n<p style=\"padding-left: 40px;\">Prime Minister of the Republic of Armenia. (2023, September 02).<em> Prime Minister Nikol Pashinyan\u2019s Interview to<\/em><em>\u00a0<\/em><em>Italian La Repubblica Newspaper.<\/em> <a href=\"https:\/\/web.archive.org\/web\/20240417192941\/https:\/www.primeminister.am\/en\/interviews-and-press-conferences\/item\/2023\/09\/02\/Nikol-Pashinyan-interview-La-Republica\">https:\/\/web.archive.org\/web\/20240417192941\/https:\/\/www.primeminister.am\/en\/interviews-and-press-conferences\/item\/2023\/09\/02\/Nikol-Pashinyan-interview-La-Republica<\/a><\/p>\n<p style=\"padding-left: 40px;\">Putin, V. (2011). Novyj integracionnyj proekt dlja Evrazii \u2013 budushhee, kotoroe rozhdaetsja segodnja<br \/>\n[A New Integration Project for Eurasia is a Future that is Being Born Today]. <em>Evrazijskaja integracija: Jekonomika, pravo, politika <\/em>[Eurasian Integration: Economics, Law, Politics], <em>10<\/em>. [in Russian].<\/p>\n<p style=\"padding-left: 40px;\">Sushko, O. (2008, August 12). Ukraina \u2013 nastupna? [Ukraine \u2013 Next?] <em>Ukrainska Pravda<\/em> [Ukrainian Truth]. <a href=\"https:\/\/web.archive.org\/web\/20240417200013\/https:\/www.pravda.com.ua\/articles\/2008\/08\/12\/3517426\/\">https:\/\/web.archive.org\/web\/20240417200013\/https:\/\/www.pravda.com.ua\/articles\/2008\/08\/12\/3517426\/<\/a><br \/>\n[in Ukrainian].<\/p>\n<p style=\"padding-left: 40px;\">Takahashi, A. R. W. &amp; Araujo, L. (2019). Case Study Research: Opening up Research Opportunities. <em>RAUSP Management Journal<\/em>, <em>55<\/em><em>(1)<\/em>, 100-111. <a href=\"https:\/\/doi.org\/10.1108\/RAUSP-05-2019-0109\">https:\/\/doi.org\/10.1108\/RAUSP-05-2019-0109<\/a><\/p>\n<p style=\"padding-left: 40px;\">Tamkin, E. (2016, November 29). Armenia is Literally Joining Forces with Russia. <em>Foreign Policy. <\/em><a href=\"https:\/\/web.archive.org\/web\/20240417200538\/https:\/foreignpolicy.com\/2016\/11\/29\/armenia-is-literally-joining-forces-with-russia\/\">https:\/\/web.archive.org\/web\/20240417200538\/https:\/\/foreignpolicy.com\/2016\/11\/29\/armenia-is-literally-joining-forces-with-russia\/<\/a><\/p>\n<p style=\"padding-left: 40px;\">Trenin, D. (2009). <em>\u00abMoskva muskulistaja\u00bb: odinochestvo otdelno vzjatogo centra sily <\/em>[\u201cMuscular Moscow\u201d:<br \/>\nthe Loneliness of a Single Center of Power]. Moscow: Carnegie Moscow Center. <a href=\"https:\/\/carnegieendowment.org\/files\/Trenin_Solo_voyage.pdf\">https:\/\/carnegieendowment.org\/files\/Trenin_Solo_voyage.pdf<\/a> [in Russian].<\/p>\n<p style=\"padding-left: 40px;\">Trenin, D. (2012). <em>Post-imperium: evrazijskaja istorija <\/em>[Post-Imperium: Eurasian History]. Moscow: Russian Political Encyclopedia. [in Russian].<\/p>\n<p style=\"padding-left: 40px;\">Trenin, D. (2016). <em>Mir ne bez strelby: kak mozhet byt uregulirovan konflikt v Donbasse <\/em>[The World is not<br \/>\nwithout Shooting: how the Conflict in Donbass can be Resolved]. Moscow: Carnegie Moscow Center.<br \/>\n[in Russian].<\/p>\n<p style=\"padding-left: 40px;\">Yin, R. K. (2018). <em>Case Study Research and Applications: Designs and Methods<\/em>. 6<sup>th<\/sup> ed. Los Angeles: SAGE.<\/p>\n","protected":false},"excerpt":{"rendered":"<p>DOI: 10.46340\/eppd.2024.11.2.1 Olga Brusylovska, ScD in Political Science Odesa I. I. Mechnikov National University, Odesa, Ukraine Iuliia Maistrenko, PhD in Political Science Odesa I. I. Mechnikov National University, Odesa, Ukraine How to cite: Brusylovska, O. &amp; Maistrenko, Iu. (2024). Russia\u2019s Regional Policy: Unlearned Lessons of Local Conflicts. Evropsk\u00fd politick\u00fd a&#8230; <a class=\"continue-reading-link\" href=\"https:\/\/eppd13.cz\/?page_id=2337\"> Continue reading <span class=\"meta-nav\">&rarr; <\/span><\/a><\/p>\n","protected":false},"author":1,"featured_media":0,"parent":2331,"menu_order":1,"comment_status":"closed","ping_status":"closed","template":"","meta":{"footnotes":""},"class_list":["post-2337","page","type-page","status-publish","hentry"],"_links":{"self":[{"href":"https:\/\/eppd13.cz\/index.php?rest_route=\/wp\/v2\/pages\/2337","targetHints":{"allow":["GET"]}}],"collection":[{"href":"https:\/\/eppd13.cz\/index.php?rest_route=\/wp\/v2\/pages"}],"about":[{"href":"https:\/\/eppd13.cz\/index.php?rest_route=\/wp\/v2\/types\/page"}],"author":[{"embeddable":true,"href":"https:\/\/eppd13.cz\/index.php?rest_route=\/wp\/v2\/users\/1"}],"replies":[{"embeddable":true,"href":"https:\/\/eppd13.cz\/index.php?rest_route=%2Fwp%2Fv2%2Fcomments&post=2337"}],"version-history":[{"count":2,"href":"https:\/\/eppd13.cz\/index.php?rest_route=\/wp\/v2\/pages\/2337\/revisions"}],"predecessor-version":[{"id":2372,"href":"https:\/\/eppd13.cz\/index.php?rest_route=\/wp\/v2\/pages\/2337\/revisions\/2372"}],"up":[{"embeddable":true,"href":"https:\/\/eppd13.cz\/index.php?rest_route=\/wp\/v2\/pages\/2331"}],"wp:attachment":[{"href":"https:\/\/eppd13.cz\/index.php?rest_route=%2Fwp%2Fv2%2Fmedia&parent=2337"}],"curies":[{"name":"wp","href":"https:\/\/api.w.org\/{rel}","templated":true}]}}